NOAA-Style Climate Reports


Report for 2021
                   Annual Climatological Summary for 2021

Name: Batley Weather   City: Batley   State: West Yorkshire
Elevation: 255 ft  Lat: N 53° 42' 22"   Lon: W 001° 37' 12"

                  Temperature (°C), Heat Base: 18.3  Cool Base: 18.3
                          Dep.  Heat  Cool                       Max  Max  Min  Min
        Mean  Mean        From  Deg   Deg                        >=   <=   <=   <=
 YR MO  Max   Min   Mean  Norm  Days  Days  Hi  Date  Low  Date 27.0  0.0  0.0 -18.0
------------------------------------------------------------------------------------
 21  1   5.5   0.9   3.4   0.0   461     0  11.6  20  -3.8   15    0    0   13    0
 21  2   8.1   2.1   5.2   0.0   368     0  16.2  24  -4.8   11    0    0    8    0
 21  3  11.8   4.9   8.3   0.0   309     1  21.9  30  -1.7    6    0    0    2    0
 21  4  13.1   1.0   7.2   0.0   333     0  19.0  23  -2.8   12    0    0   10    0
 21  5  15.7   6.7  10.8   0.0   232     1  23.2  31   1.4    2    0    0    0    0
 21  6  21.8  12.1  16.8   0.0    72    27  27.4  16   7.7   22    1    0    0    0
 21  7  23.4  14.4  18.6   0.0    41    52  30.6  20  10.2    1    7    0    0    0
 21  8  20.4  13.9  16.9   0.0    57    14  22.7   3   8.9    3    0    0    0    0
 21  9  20.2  12.9  16.3   0.0    77    17  27.7   7   7.1   30    1    0    0    0
 21 10  15.6   9.4  12.6   0.0   178     1  20.7   7   4.1   16    0    0    0    0
 21 11  11.2   6.0   8.9   0.0   283     0  16.6   9  -2.6   29    0    0    2    0
 21 12   8.9   4.3   6.8   0.0   356     0  16.2  30  -0.4   22    0    0    2    0
------------------------------------------------------------------------------------
        14.7   7.4  11.0   0.0  2773   115  30.6 Jul  -4.8  Feb    9    0   37    0

                                Precipitation (mm)

              Dep.   Max        Days of Rain
              From   Obs.           >=
 YR MO Total  Norm   Day Date  0.2  2.0 20.0
---------------------------------------------
 21  1  96.2   0.0  18.8  28    22    9    0
 21  2  74.4   0.0  34.0   6    15    5    1
 21  3  33.2   0.0  10.8  13    11    5    0
 21  4   5.6   0.0   2.0  27     7    1    0
 21  5  89.0   0.0  14.8  11    23   13    0
 21  6  15.0   0.0   6.8  25     7    3    0
 21  7  88.2   0.0  18.0  12    14    7    0
 21  8  29.0   0.0   4.2   6    16    7    0
 21  9  45.6   0.0  17.2  30     9    5    0
 21 10  54.0   0.0  13.0  31    18    8    0
 21 11  50.6   0.0  20.6  27    11    3    1
 21 12  65.2   0.0  16.0   4    22   10    0
---------------------------------------------
       646.0   0.0  34.0  Feb  175   76    2

                                Wind Speed (mph)
                          Dom
 YR MO   Avg.  Hi   Date  Dir
------------------------------
 21  1   1.6  34.0   21     W
 21  2   0.6  27.0   18    NE
 21  3   2.1  40.0   11     W
 21  4   1.0  37.0    4     W
 21  5   0.6  32.0    4     W
 21  6   0.4  24.0   11     W
 21  7   0.3  25.0    6     W
 21  8   0.6  29.0   18     W
 21  9   0.5  33.0   27     W
 21 10   0.9  37.0    5     W
 21 11   1.6  39.0   26     W
 21 12   1.3  35.0    4     W
------------------------------
         1.0  40.0  Mar     W