NOAA-Style Climate Reports


Report for 2020 July
                   Monthly Climatological Summary for Jul 2020

Name: Batley Weather   City: Batley   State: West Yorkshire
Elevation: 255 ft  Lat: N 53° 42' 22"   Lon: W 001° 37' 12"

                  Temperature (°C), Rain (mm), Wind Speed (mph)

                                      Heat  Cool        Avg
    Mean                              Deg   Deg         Wind                 Dom
Day Temp  High   Time   Low    Time   Days  Days  Rain  Speed High   Time    Dir
----------------------------------------------------------------------------------
 1  16.7  21.6   17:59  14.6   05:08   1.8   0.2   0.6   0.2  20.0   10:55   WNW
 2  13.8  15.2   00:00  11.8   07:56   4.5   0.0   5.6   0.0  14.0   16:36   NNW
 3  15.8  19.3   14:49  12.3   04:46   2.6   0.1   0.2   1.0  22.0   11:55     W
 4  18.4  20.7   15:49  16.9   00:00   0.4   0.5   0.0   1.1  22.0   10:33     W
 5  16.1  18.5   15:08  12.8   23:51   2.2   0.0   2.4   6.1  37.0   12:02   WSW
 6  15.2  19.3   16:28  12.3   01:19   3.1   0.1   0.2   4.5  37.0   10:40     W
 7  13.9  15.6   12:01  12.4   02:06   4.0   0.0   4.4   0.1  27.0   16:59     W
 8  13.9  16.6   15:04  11.8   06:08   4.4   0.0  10.4   0.0  11.0   09:05   ENE
 9  12.5  13.7   15:44  11.3   04:58   5.8   0.0  15.8   0.3  10.0   07:02    NE
10  14.0  18.1   13:46  11.8   04:30   3.9   0.0   8.4   1.0  18.0   10:25     W
11  14.6  18.4   17:37  10.6   03:43   3.7   0.0   0.0   1.4  18.0   09:02     W
12  15.6  22.8   17:42   8.1   04:37   3.5   0.9   0.0   0.1  18.0   13:41     W
13  16.7  19.9   12:41  12.6   03:33   2.0   0.3   0.4   0.7  20.0   16:37     W
----------------------------------------------------------------------------------
    15.2  22.8    12     8.1    12    41.9   2.1  48.4   1.3  37.0     5       W

Max >=  27.0:  0
Max <=   0.0:  0
Min <=   0.0:  0
Min <= -18.0:  0
Max Rain: 15.8 on day 9
Days of Rain: 10 (>= 0.2 mm)  6 (>= 2.0 mm)  0 (>= 20.0 mm)
Heat Base: 18.3  Cool Base: 18.3  Method: Integration