NOAA-Style Climate Reports


Report for 2019 April
                   Monthly Climatological Summary for Apr 2019

Name: Batley Weather   City: Batley   State: West Yorkshire
Elevation: 255 ft  Lat: N 53° 42' 22"   Lon: W 001° 37' 12"

                  Temperature (°C), Rain (mm), Wind Speed (mph)

                                      Heat  Cool        Avg
    Mean                              Deg   Deg         Wind                 Dom
Day Temp  High   Time   Low    Time   Days  Days  Rain  Speed High   Time    Dir
----------------------------------------------------------------------------------
 1   6.3  12.8   16:12   0.2   01:46  12.0   0.0   0.0   0.0  11.0   10:26   SSE
 2   6.5   9.7   17:56   3.4   22:45  11.8   0.0   1.6   1.3  20.0   15:18     W
 3   4.6   9.6   17:15  -0.6   06:34  13.7   0.0   0.4   0.2  20.0   13:55     W
 4   6.1   9.4   17:28   3.1   00:00  12.2   0.0   1.2   0.3  16.0   13:01   ENE
 5   7.8  13.5   15:18   1.4   06:53  10.5   0.0   0.0   0.1  16.0   11:38   ENE
 6   8.7  13.0   17:15   5.8   07:20   9.6   0.0   0.0   0.2  13.0   09:54    NE
 7   9.5  14.0   16:05   7.9   06:10   8.8   0.0   0.0   0.3  13.0   17:55    NE
 8   9.2  11.4   15:06   8.1   23:45   9.1   0.0   0.0   1.2  13.0   16:32    NE
 9   8.2  12.1   13:06   4.7   23:03  10.1   0.0   0.0   1.5  17.0   16:57   ENE
10   5.4  11.0   17:14  -0.1   23:59  12.9   0.0   0.0   0.7  17.0   15:34   ENE
11   5.0  12.6   17:31  -0.8   01:13  13.3   0.0   0.0   0.1  13.0   10:23   ENE
12   3.7   9.9   16:05  -1.9   05:06  14.6   0.0   0.0   0.1  13.0   17:40   ENE
13   3.3  10.2   14:22  -2.9   05:37  15.0   0.0   0.0   0.3  18.0   17:02   ENE
14   3.6   8.9   13:27  -2.8   05:54  14.7   0.0   0.0   0.2  18.0   15:39   ENE
15   6.5  13.3   15:24  -0.7   04:28  11.8   0.0   0.0   0.3  17.0   12:31   ENE
16   9.6  13.8   15:38   5.1   05:51   8.7   0.0   0.0   0.2  15.0   10:47   ENE
17  11.3  17.7   14:47   7.7   04:57   7.0   0.0   0.0   0.4  13.0   13:54    NE
18  11.7  19.1   15:19   7.1   02:40   6.6   0.0   0.0   0.3  14.0   13:54    NE
19  12.2  21.9   17:13   4.4   05:50   6.7   0.6   0.0   0.1  14.0   12:31   ENE
20  13.1  22.8   17:04   4.0   05:29   6.2   1.0   0.0   0.1  11.0   13:12    NE
21  14.2  24.2   17:22   4.7   06:04   5.6   1.5   0.0   0.0   9.0   13:27   ENE
22  13.2  22.3   17:17   5.2   05:53   5.8   0.7   0.0   0.1  11.0   09:59   ENE
----------------------------------------------------------------------------------
     8.2  24.2    21    -2.9    13   226.7   3.8   3.2   0.4  20.0     2      NE

Max >=  27.0:  0
Max <=   0.0:  0
Min <=   0.0:  7
Min <= -18.0:  0
Max Rain: 1.6 on day 2
Days of Rain: 3 (>= 0.2 mm)  0 (>= 2.0 mm)  0 (>= 20.0 mm)
Heat Base: 18.3  Cool Base: 18.3  Method: Integration