NOAA-Style Climate Reports


Report for 2021 January
                   Monthly Climatological Summary for Jan 2021

Name: Batley Weather   City: Batley   State: West Yorkshire
Elevation: 255 ft  Lat: N 53° 42' 22"   Lon: W 001° 37' 12"

                  Temperature (°C), Rain (mm), Wind Speed (mph)

                                      Heat  Cool        Avg
    Mean                              Deg   Deg         Wind                 Dom
Day Temp  High   Time   Low    Time   Days  Days  Rain  Speed High   Time    Dir
----------------------------------------------------------------------------------
 1   2.8   4.6   13:51  -0.2   00:00  15.5   0.0   0.8   0.1  10.0   11:35     W
 2   0.8   2.8   23:10  -2.1   06:22  17.5   0.0   1.0   0.5  14.0   14:31   NNE
 3   3.1   3.9   13:44   2.3   01:49  15.2   0.0   1.8   0.8  15.0   14:30   NNE
 4   3.4   5.2   13:06   2.0   03:51  14.9   0.0   1.0   1.7  18.0   07:05    NE
 5   3.0   5.1   12:57   2.1   22:56  15.3   0.0   0.8   0.8  18.0   05:42    NE
 6   2.3   4.2   14:09   1.3   01:13  16.0   0.0   0.0   0.2  14.0   10:30   NNE
 7   0.6   2.8   13:48  -2.7   06:04  17.7   0.0   0.2   0.2  15.0   11:56     W
 8   1.6   2.2   06:39   0.8   23:16  16.7   0.0   4.4   1.0  15.0   10:33   NNE
 9   0.4   2.4   23:58  -2.8   08:53  17.9   0.0   0.2   1.7  20.0   21:10   WSW
10   4.6   6.3   23:50   2.4   00:00  13.7   0.0   0.0   4.9  22.0   18:35   WSW
11   7.4   8.8   19:27   6.3   00:00  10.9   0.0   3.6   5.4  23.0   20:13   WSW
12   2.8   7.9   00:00  -0.7   22:40  15.5   0.0   0.8   0.6  23.0   18:50     W
13   1.5   3.3   12:50  -0.9   00:42  16.8   0.0   7.2   0.0  14.0   00:27   ---
14   0.9   2.0   00:00   0.3   16:48  17.4   0.0   6.2   0.0   6.0   06:01   ---
15  -1.5   0.6   00:51  -3.8   20:00  19.8   0.0   0.2   0.0   6.0   04:38     W
16   3.4   5.9   14:58  -1.1   00:00  14.9   0.0  15.2   1.8  21.0   23:51   WSW
17   6.5   7.8   13:01   4.9   05:54  11.8   0.0   0.2   4.9  23.0   11:11   WSW
18   6.5   8.4   23:15   5.4   06:08  11.8   0.0   1.0   3.5  23.0   09:48   WSW
----------------------------------------------------------------------------------
     2.8   8.8    11    -3.8    15   279.3   0.0  44.6   1.6  23.0    11       W

Max >=  27.0:  0
Max <=   0.0:  0
Min <=   0.0:  8
Min <= -18.0:  0
Max Rain: 15.2 on day 16
Days of Rain: 16 (>= 0.2 mm)  5 (>= 2.0 mm)  0 (>= 20.0 mm)
Heat Base: 18.3  Cool Base: 18.3  Method: Integration