NOAA-Style Climate Reports


Report for 2021 April
                   Monthly Climatological Summary for Apr 2021

Name: Batley Weather   City: Batley   State: West Yorkshire
Elevation: 255 ft  Lat: N 53° 42' 22"   Lon: W 001° 37' 12"

                  Temperature (°C), Rain (mm), Wind Speed (mph)

                                      Heat  Cool        Avg
    Mean                              Deg   Deg         Wind                 Dom
Day Temp  High   Time   Low    Time   Days  Days  Rain  Speed High   Time    Dir
----------------------------------------------------------------------------------
 1   8.1  10.8   15:40   3.3   23:13  10.2   0.0   0.0   0.3  17.0   19:55    NE
 2   7.2  11.4   15:12   3.5   02:16  11.1   0.0   0.0   0.5  16.0   15:42   NNE
 3   7.5  11.6   16:43   1.9   23:59  10.8   0.0   0.0   0.6  16.0   14:20   NNE
 4   7.3  13.1   15:51   0.8   03:28  11.0   0.0   0.0   6.4  37.0   18:29   WSW
 5   5.1   9.3   00:00   1.0   06:50  13.2   0.0   0.2   6.3  37.0   17:06   WNW
 6   2.8   6.5   12:15  -0.8   23:47  15.5   0.0   0.6   3.5  36.0   00:22   WNW
 7   3.7   7.8   17:22  -0.8   05:48  14.6   0.0   0.0   2.7  31.0   10:41     W
 8   8.5  12.0   14:11   5.0   00:00   9.8   0.0   0.0   4.4  27.0   15:01   WSW
 9   7.8  11.8   14:57   2.0   23:55  10.5   0.0   0.4   1.1  27.0   13:38     W
10   4.8   9.4   13:57   1.4   06:21  13.5   0.0   1.2   0.2  20.0   00:20   NNE
11   3.9   8.3   14:50  -0.2   06:21  14.4   0.0   0.0   0.6  20.0   17:04   WNW
12   4.2  10.9   16:44  -2.8   06:14  14.1   0.0   0.0   0.5  20.0   15:41     W
13   5.6  12.8   17:30  -2.6   05:54  12.7   0.0   0.0   0.1  16.0   13:35     W
14   6.7  13.2   16:47   0.8   23:54  11.6   0.0   0.0   0.0  15.0   15:15    NE
----------------------------------------------------------------------------------
     5.9  13.2    14    -2.8    12   173.0   0.0   2.4   1.9  37.0     4       W

Max >=  27.0:  0
Max <=   0.0:  0
Min <=   0.0:  5
Min <= -18.0:  0
Max Rain: 1.2 on day 10
Days of Rain: 4 (>= 0.2 mm)  0 (>= 2.0 mm)  0 (>= 20.0 mm)
Heat Base: 18.3  Cool Base: 18.3  Method: Integration