NOAA-Style Climate Reports
Select a Year or Month report
2024: Jan Feb Mar Apr May Jun Jul Aug Sep Oct Nov Dec
2023: Jan Feb Mar Apr May Jun Jul Aug Sep Oct Nov Dec
2022: Jan Feb Mar Apr May Jun Jul Aug Sep Oct Nov Dec
2021: Jan Feb Mar Apr May Jun Jul Aug Sep Oct Nov Dec
2020: Jan Feb Mar Apr May Jun Jul Aug Sep Oct Nov Dec
2019: Jan Feb Mar Apr May Jun Jul Aug Sep Oct Nov Dec
2018: Jan Feb Mar Apr May Jun Jul Aug Sep Oct Nov Dec
2017: Jan Feb Mar Apr May Jun Jul Aug Sep Oct Nov Dec
2016: Jan Feb Mar Apr May Jun Jul Aug Sep Oct Nov Dec
2015: Jan Feb Mar Apr May Jun Jul Aug Sep Oct Nov Dec
2014: Jan Feb Mar Apr May Jun Jul Aug Sep Oct Nov Dec
2013: Jan Feb Mar Apr May Jun Jul Aug Sep Oct Nov Dec
2012: Jan Feb Mar Apr May Jun Jul Aug Sep Oct Nov Dec
2024: Jan Feb Mar Apr May Jun Jul Aug Sep Oct Nov Dec
2023: Jan Feb Mar Apr May Jun Jul Aug Sep Oct Nov Dec
2022: Jan Feb Mar Apr May Jun Jul Aug Sep Oct Nov Dec
2021: Jan Feb Mar Apr May Jun Jul Aug Sep Oct Nov Dec
2020: Jan Feb Mar Apr May Jun Jul Aug Sep Oct Nov Dec
2019: Jan Feb Mar Apr May Jun Jul Aug Sep Oct Nov Dec
2018: Jan Feb Mar Apr May Jun Jul Aug Sep Oct Nov Dec
2017: Jan Feb Mar Apr May Jun Jul Aug Sep Oct Nov Dec
2016: Jan Feb Mar Apr May Jun Jul Aug Sep Oct Nov Dec
2015: Jan Feb Mar Apr May Jun Jul Aug Sep Oct Nov Dec
2014: Jan Feb Mar Apr May Jun Jul Aug Sep Oct Nov Dec
2013: Jan Feb Mar Apr May Jun Jul Aug Sep Oct Nov Dec
2012: Jan Feb Mar Apr May Jun Jul Aug Sep Oct Nov Dec
Report for 2024 April
Monthly Climatological Summary for Apr 2024 Name: Batley Weather City: Batley State: West Yorkshire Elevation: 255 ft Lat: N 53° 42' 22" Lon: W 001° 37' 12" Temperature (°C), Rain (mm), Wind Speed (mph) Heat Cool Avg Mean Deg Deg Wind Dom Day Temp High Time Low Time Days Days Rain Speed High Time Dir ---------------------------------------------------------------------------------- 1 7.9 12.3 17:46 6.8 06:47 10.4 0.0 4.6 0.2 14.0 13:30 NE 2 9.1 13.8 17:10 4.3 04:03 9.2 0.0 0.8 0.3 12.0 07:41 W 3 10.4 14.8 14:46 8.4 02:09 7.9 0.0 5.8 1.0 25.0 16:25 W 4 8.2 11.3 15:43 6.2 07:14 10.1 0.0 6.4 0.0 25.0 16:25 ENE 5 13.0 17.4 16:21 6.3 00:00 5.2 0.0 4.4 0.8 25.0 11:46 WSW 6 14.6 19.4 13:59 10.8 23:52 3.8 0.1 6.0 0.6 31.0 16:11 WSW 7 12.2 16.7 13:54 8.6 06:03 6.1 0.0 2.0 0.9 31.0 14:33 WSW 8 11.9 16.1 14:20 8.6 04:30 6.4 0.0 8.0 0.0 27.0 12:41 W 9 8.8 10.9 17:04 5.7 06:42 9.5 0.0 2.6 4.8 39.0 17:38 WSW 10 9.5 14.2 19:28 2.9 05:58 8.8 0.0 1.4 0.4 39.0 16:00 WSW 11 15.4 20.1 14:20 13.0 06:38 2.9 0.1 0.0 1.4 23.0 00:35 WSW 12 14.5 17.7 16:41 11.1 06:16 3.8 0.0 0.0 0.9 20.0 02:28 W 13 12.2 16.5 17:04 8.2 23:53 6.1 0.0 1.4 1.5 27.0 17:31 WSW 14 10.1 13.8 14:21 7.2 04:33 8.1 0.0 0.0 1.4 27.0 15:53 W 15 7.7 10.5 15:20 3.6 11:28 10.6 0.0 7.4 6.8 37.0 17:54 W 16 8.7 12.8 13:06 3.4 23:00 9.6 0.0 0.2 1.3 37.0 16:15 WNW 17 7.0 11.3 14:25 3.2 06:24 11.3 0.0 0.2 2.0 24.0 07:08 WNW 18 6.4 11.4 13:10 -0.1 05:55 11.9 0.0 0.8 3.6 30.0 23:03 WSW 19 9.5 12.3 16:32 2.3 23:52 8.8 0.0 0.4 3.8 32.0 02:13 W 20 6.9 12.6 16:16 0.0 05:45 11.4 0.0 0.0 0.1 32.0 00:34 NW 21 8.9 13.4 17:02 5.9 06:14 9.4 0.0 0.4 0.2 13.0 07:44 NE 22 8.0 10.4 18:50 5.8 02:29 10.3 0.0 3.6 0.0 12.0 14:53 NNE 23 8.2 11.2 15:24 5.4 03:06 10.1 0.0 0.0 0.5 17.0 09:44 N 24 7.2 10.2 18:46 4.2 05:44 11.1 0.0 0.0 0.2 17.0 08:05 N 25 6.2 11.2 15:42 1.9 23:51 12.1 0.0 0.0 0.3 15.0 08:55 NNW 26 5.4 11.9 14:24 -0.6 05:48 12.3 0.0 0.4 0.1 14.0 08:45 NE 27 7.1 11.2 12:43 2.8 02:36 11.2 0.0 0.0 0.3 11.0 15:56 NE 28 7.5 12.2 17:04 3.6 23:55 10.8 0.0 6.8 1.2 25.0 15:32 W ---------------------------------------------------------------------------------- 9.4 20.1 11 -0.6 26 249.2 0.2 63.6 1.2 39.0 9 W Max >= 27.0: 0 Max <= 0.0: 0 Min <= 0.0: 3 Min <= -18.0: 0 Max Rain: 8.0 on day 8 Days of Rain: 20 (>= 0.2 mm) 11 (>= 2.0 mm) 0 (>= 20.0 mm) Heat Base: 18.3 Cool Base: 18.3 Method: Integration