NOAA-Style Climate Reports

Select a Year or Month report
2020: Jan Feb Mar Apr May Jun Jul Aug Sep Oct Nov Dec
2019: Jan Feb Mar Apr May Jun Jul Aug Sep Oct Nov Dec
2018: Jan Feb Mar Apr May Jun Jul Aug Sep Oct Nov Dec
2017: Jan Feb Mar Apr May Jun Jul Aug Sep Oct Nov Dec
2016: Jan Feb Mar Apr May Jun Jul Aug Sep Oct Nov Dec
2015: Jan Feb Mar Apr May Jun Jul Aug Sep Oct Nov Dec
2014: Jan Feb Mar Apr May Jun Jul Aug Sep Oct Nov Dec
2013: Jan Feb Mar Apr May Jun Jul Aug Sep Oct Nov Dec
2012: Jan Feb Mar Apr May Jun Jul Aug Sep Oct Nov Dec

Report for 2019 December
                   Monthly Climatological Summary for Dec 2019

Name: Batley Weather   City: Batley   State: West Yorkshire
Elevation: 255 ft  Lat: N 53° 42' 22"   Lon: W 001° 37' 12"

                  Temperature (°C), Rain (mm), Wind Speed (mph)

                                      Heat  Cool        Avg
    Mean                              Deg   Deg         Wind                 Dom
Day Temp  High   Time   Low    Time   Days  Days  Rain  Speed High   Time    Dir
----------------------------------------------------------------------------------
 1   1.4   3.8   13:22  -1.6   23:20  16.9   0.0   0.0   0.0   4.0   14:01     W
 2   4.3   8.4   14:16  -1.8   02:03  14.0   0.0   0.2   0.8  19.0   23:13     W
 3   6.0   7.9   14:49   2.0   20:54  12.3   0.0   0.0   1.6  23.0   09:28     W
 4   5.5   8.2   14:58   1.2   08:19  12.8   0.0   0.0   0.3  23.0   09:28   WSW
 5   9.0  12.8   23:32   5.4   01:51   9.2   0.0   0.4   3.1  32.0   15:38   WSW
 6  11.8  13.4   10:49  10.0   22:44   6.5   0.0   0.0   4.3  32.0   15:38   WSW
 7  10.4  11.4   21:54   9.6   07:13   7.9   0.0   1.6   2.6  29.0   09:51   WSW
 8   8.8  12.4   03:13   7.0   22:25   9.5   0.0   2.8   6.3  39.0   03:19   WSW
 9   5.3   7.9   03:13  -0.7   23:58  13.0   0.0   0.4   3.0  39.0   01:56     W
10   7.7  13.9   17:18  -0.7   00:00  10.6   0.0   5.6   2.4  34.0   17:19   WSW
11   5.5   7.1   00:00   2.4   23:58  12.8   0.0   0.2   1.0  34.0   15:56   WSW
12   4.3   7.6   20:33   1.2   01:57  14.0   0.0   5.6   0.1  19.0   00:11   WSW
13   7.1   8.2   13:46   5.3   23:48  11.2   0.0   4.2   3.3  25.0   23:03   WSW
14   4.9   5.7   00:06   3.6   20:17  13.4   0.0   7.6   4.2  35.0   04:46   WSW
15   4.8   5.9   18:59   3.5   00:05  13.5   0.0   4.2   2.1  35.0   03:23   WSW
16   4.6   6.9   14:16   0.7   23:13  13.7   0.0   0.0   1.3  31.0   01:41   WSW
17   2.1   4.9   14:18   0.1   07:37  16.2   0.0   0.0   0.0  25.0   04:59     W
18   3.1   8.8   23:59  -1.3   07:37  15.2   0.0   1.8   0.0  11.0   19:59     E
19  10.0  11.2   11:19   8.8   00:00   8.2   0.0   3.6   0.0  11.0   18:36   ENE
20   8.0  10.0   00:00   5.1   23:56  10.3   0.0   1.0   0.6  16.0   19:08   WSW
21   6.2   8.8   13:47   2.9   02:56  12.1   0.0   1.4   0.0  16.0   17:45   ---
22   7.4   8.4   14:43   6.5   07:42  10.8   0.0   1.4   0.3  11.0   21:27     W
23   8.0   9.2   12:31   4.4   23:20  10.3   0.0   1.4   3.2  30.0   11:26   WSW
24   7.3   9.9   14:02   4.7   00:00  11.0   0.0   2.4   1.4  30.0   11:26   WSW
25   7.1   8.3   11:41   5.8   09:43  11.2   0.0   0.0   1.0  20.0   14:17   WSW
26   6.1   7.1   23:56   4.9   06:34  12.2   0.0   0.8   0.0  15.0   00:13   ---
27   7.4   8.0   13:55   6.3   22:07  10.9   0.0   0.2   0.0   7.0   09:36   ---
28   7.7  10.0   14:19   5.5   20:36  10.6   0.0   0.0   0.0   8.0   08:55     W
----------------------------------------------------------------------------------
     6.5  13.9    10    -1.8     2   330.3   0.0  46.8   1.5  39.0     8     WSW

Max >=  27.0:  0
Max <=   0.0:  0
Min <=   0.0:  5
Min <= -18.0:  0
Max Rain: 7.6 on day 14
Days of Rain: 20 (>= 0.2 mm)  8 (>= 2.0 mm)  0 (>= 20.0 mm)
Heat Base: 18.3  Cool Base: 18.3  Method: Integration