NOAA-Style Climate Reports

Select a Year or Month report
2020: Jan Feb Mar Apr May Jun Jul Aug Sep Oct Nov Dec
2019: Jan Feb Mar Apr May Jun Jul Aug Sep Oct Nov Dec
2018: Jan Feb Mar Apr May Jun Jul Aug Sep Oct Nov Dec
2017: Jan Feb Mar Apr May Jun Jul Aug Sep Oct Nov Dec
2016: Jan Feb Mar Apr May Jun Jul Aug Sep Oct Nov Dec
2015: Jan Feb Mar Apr May Jun Jul Aug Sep Oct Nov Dec
2014: Jan Feb Mar Apr May Jun Jul Aug Sep Oct Nov Dec
2013: Jan Feb Mar Apr May Jun Jul Aug Sep Oct Nov Dec
2012: Jan Feb Mar Apr May Jun Jul Aug Sep Oct Nov Dec

Report for 2019 October
                   Monthly Climatological Summary for Oct 2019

Name: Batley Weather   City: Batley   State: West Yorkshire
Elevation: 255 ft  Lat: N 53° 42' 22"   Lon: W 001° 37' 12"

                  Temperature (°C), Rain (mm), Wind Speed (mph)

                                      Heat  Cool        Avg
    Mean                              Deg   Deg         Wind                 Dom
Day Temp  High   Time   Low    Time   Days  Days  Rain  Speed High   Time    Dir
----------------------------------------------------------------------------------
 1  10.9  12.3   00:00   7.4   23:48   7.4   0.0   8.8   0.5  20.0   14:24    NE
 2   8.3  13.1   16:29   4.6   06:44  10.0   0.0   0.0   0.9  20.0   13:01     W
 3   7.9  12.2   15:51   3.2   05:36  10.4   0.0   6.0   0.0  20.0   10:43   ---
 4  12.2  15.0   13:49   8.8   23:58   6.1   0.0   2.8   0.3  12.0   07:30     N
 5  11.3  16.0   14:37   6.7   03:21   7.0   0.0   3.2   0.0  12.0   06:07   ---
 6  13.1  16.2   14:27  11.1   02:00   5.2   0.0   8.6   1.0  22.0   12:27     W
 7  12.3  14.6   17:19  10.7   03:57   6.0   0.0   1.8   0.0  22.0   11:04     W
 8  12.4  15.0   13:26   9.0   07:48   5.9   0.0   0.8   1.5  28.0   13:33     W
 9  11.2  12.8   15:36   9.7   22:52   7.1   0.0  10.8   0.8  28.0   13:33     W
10  12.8  15.7   21:56   9.8   00:00   5.5   0.0   2.8   1.4  28.0   22:15     W
11  14.0  15.0   00:00  12.4   23:30   4.3   0.0   1.8   0.7  28.0   20:52     W
12  12.2  15.0   14:37  10.3   08:24   6.1   0.0   0.0   0.2  22.0   13:03     W
13  11.8  13.1   15:56   9.3   23:58   6.5   0.0   3.8   0.4  25.0   17:37     W
14  10.0  12.9   15:27   7.5   06:00   8.3   0.0   4.6   0.1  25.0   17:37    NE
15  11.4  13.7   13:37   9.4   08:36   6.9   0.0   1.6   0.0  12.0   20:26   ---
16  10.9  13.9   14:39   5.7   23:55   7.4   0.0   2.2   0.5  20.0   15:22     W
17   8.6  14.5   15:11   3.3   07:06   9.7   0.0   0.6   0.0  20.0   13:59   ---
18  10.5  13.2   13:47   8.8   01:37   7.8   0.0   8.6   0.1  11.0   14:22     W
19  10.3  13.2   14:01   7.2   03:38   8.0   0.0   0.4   0.0  11.0   12:59   WNW
20  10.2  12.2   14:45   8.2   05:02   8.1   0.0   0.6   0.6  17.0   11:12     N
21  10.2  11.8   15:03   5.0   23:59   8.1   0.0   0.0   0.2  17.0   09:49   NNE
22   8.8  12.6   16:21   3.2   02:59   9.5   0.0   0.2   0.2  14.0   06:57     W
23   9.1  13.4   14:22   4.7   07:30   9.2   0.0   0.0   0.0  14.0   06:57   ---
24   9.7  13.8   16:01   6.4   07:08   8.6   0.0   1.8   0.2  19.0   16:19     W
25   9.0  11.3   12:51   6.4   05:04   9.3   0.0  24.4   0.0  19.0   14:56   NNW
26   6.3   7.6   00:00   4.2   21:51  12.0   0.0  14.0   0.1  15.0   23:16   WSW
27   8.1  11.2   13:58   4.1   23:42  10.6   0.0   0.2   2.4  22.0   12:24     W
28   4.5   8.8   12:20   0.8   07:12  13.8   0.0   0.0   0.0  22.0   11:01    NE
29   6.7  10.2   12:17   3.0   00:00  11.6   0.0   0.0   0.2  12.0   11:10   ENE
30   6.9  10.5   11:59   4.4   01:21  11.4   0.0   0.0   0.0  12.0   09:47   ---
31   6.6  10.3   13:43   1.6   06:40  11.7   0.0   0.0   0.0   8.0   09:16   ---
----------------------------------------------------------------------------------
     9.9  16.2     6     0.8    28   259.5   0.0 110.4   0.4  28.0     8       W

Max >=  27.0:  0
Max <=   0.0:  0
Min <=   0.0:  0
Min <= -18.0:  0
Max Rain: 24.4 on day 25
Days of Rain: 23 (>= 0.2 mm)  13 (>= 2.0 mm)  1 (>= 20.0 mm)
Heat Base: 18.3  Cool Base: 18.3  Method: Integration