NOAA-Style Climate Reports

Select a Year or Month report
2020: Jan Feb Mar Apr May Jun Jul Aug Sep Oct Nov Dec
2019: Jan Feb Mar Apr May Jun Jul Aug Sep Oct Nov Dec
2018: Jan Feb Mar Apr May Jun Jul Aug Sep Oct Nov Dec
2017: Jan Feb Mar Apr May Jun Jul Aug Sep Oct Nov Dec
2016: Jan Feb Mar Apr May Jun Jul Aug Sep Oct Nov Dec
2015: Jan Feb Mar Apr May Jun Jul Aug Sep Oct Nov Dec
2014: Jan Feb Mar Apr May Jun Jul Aug Sep Oct Nov Dec
2013: Jan Feb Mar Apr May Jun Jul Aug Sep Oct Nov Dec
2012: Jan Feb Mar Apr May Jun Jul Aug Sep Oct Nov Dec

Report for 2019 July
                   Monthly Climatological Summary for Jul 2019

Name: Batley Weather   City: Batley   State: West Yorkshire
Elevation: 255 ft  Lat: N 53° 42' 22"   Lon: W 001° 37' 12"

                  Temperature (°C), Rain (mm), Wind Speed (mph)

                                      Heat  Cool        Avg
    Mean                              Deg   Deg         Wind                 Dom
Day Temp  High   Time   Low    Time   Days  Days  Rain  Speed High   Time    Dir
----------------------------------------------------------------------------------
 1  16.5  19.8   17:04  13.4   23:57   2.0   0.1   0.0   3.8  30.0   13:58     W
 2  15.8  21.2   16:57  10.4   03:35   2.7   0.2   0.0   1.0  30.0   12:35   WNW
 3  16.6  23.4   19:19   9.0   05:24   2.9   1.2   0.0   0.0  23.0   15:26   ---
 4  17.3  22.3   15:40  11.5   04:46   2.0   0.9   0.0   1.9  22.0   10:32   WNW
 5  18.7  23.4   17:25  15.5   05:22   0.8   1.2   0.0   2.4  22.0   09:09     W
 6  18.1  24.1   17:11  12.1   23:59   1.0   0.9   0.0   1.1  22.0   17:28     W
 7  15.6  21.6   17:06   9.3   04:19   3.3   0.6   0.0   0.0  20.0   03:41   WNW
 8  16.0  20.7   14:20  10.7   05:07   2.7   0.4   1.2   0.0   8.0   17:48   ---
 9  16.7  19.9   15:44  13.5   03:01   2.0   0.3   0.4   0.1  11.0   15:46     W
10  19.2  23.6   13:18  15.2   03:43   0.6   1.6   0.0   0.3  16.0   15:53     W
11  19.5  24.8   17:31  16.3   05:37   0.5   1.7   2.4   0.8  20.0   13:10     W
12  18.7  23.3   15:07  14.2   01:58   1.0   1.4   0.0   1.4  21.0   20:06     W
13  18.7  22.6   16:15  15.4   01:28   0.8   1.2   0.8   0.1  21.0   18:43     W
14  17.5  21.6   17:07  13.1   23:52   1.4   0.6   0.2   0.1  12.0   03:07    NE
15  17.7  25.2   18:04   9.6   04:56   2.7   2.1   0.0   0.0  14.0   16:15     W
16  19.2  26.0   17:08  12.6   04:26   1.5   2.4   0.0   0.3  14.0   14:52     W
17  18.5  23.8   16:16  13.6   05:34   1.4   1.6   1.4   0.2  18.0   12:12     W
18  18.2  21.8   17:09  15.1   23:14   0.9   0.8   0.0   1.5  23.0   14:27     W
19  16.5  18.9   19:25  13.0   04:58   1.8   0.0  10.6   0.0  23.0   14:27   ---
20  17.6  20.6   17:22  14.1   03:37   1.3   0.5   0.2   2.6  30.0   15:41     W
21  18.8  22.3   16:37  13.7   05:27   1.0   1.5   0.0   0.3  30.0   14:18     W
22  23.0  27.4   17:17  18.6   00:41   0.0   4.7   0.0   1.8  27.0   11:25     W
23  23.5  31.4   17:54  15.8   04:55   0.3   5.4   0.0   0.0  27.0   10:02   ---
24  23.3  27.3   14:51  19.1   23:57   0.0   5.0   8.4   0.2  15.0   11:59     W
25  25.4  34.5   16:23  16.1   05:22   0.3   7.4   0.0   0.0  15.0   10:36   ENE
26  23.0  25.6   16:06  19.7   23:59   0.0   4.7   0.8   0.2  15.0   08:54     W
27  17.5  19.8   00:00  16.1   23:01   0.9   0.1  18.4   0.4  20.0   17:51     W
28  16.8  18.3   13:40  15.7   23:12   1.5   0.0  18.4   0.1  20.0   16:28     W
29  18.6  24.7   17:29  15.0   05:49   1.2   1.5   3.2   0.6  18.0   11:46     W
30  18.8  24.3   12:45  15.3   05:33   0.8   1.3  12.4   0.1  18.0   11:46    NE
31  19.0  22.1   12:14  17.0   01:17   0.4   1.0   3.0   0.8  20.0   11:34     W
----------------------------------------------------------------------------------
    18.7  34.5    25     9.0     3    39.7  52.3  81.8   0.7  30.0     1       W

Max >=  27.0:  4
Max <=   0.0:  0
Min <=   0.0:  0
Min <= -18.0:  0
Max Rain: 18.4 on day 27
Days of Rain: 15 (>= 0.2 mm)  8 (>= 2.0 mm)  0 (>= 20.0 mm)
Heat Base: 18.3  Cool Base: 18.3  Method: Integration