NOAA-Style Climate Reports

Select a Year or Month report
2020: Jan Feb Mar Apr May Jun Jul Aug Sep Oct Nov Dec
2019: Jan Feb Mar Apr May Jun Jul Aug Sep Oct Nov Dec
2018: Jan Feb Mar Apr May Jun Jul Aug Sep Oct Nov Dec
2017: Jan Feb Mar Apr May Jun Jul Aug Sep Oct Nov Dec
2016: Jan Feb Mar Apr May Jun Jul Aug Sep Oct Nov Dec
2015: Jan Feb Mar Apr May Jun Jul Aug Sep Oct Nov Dec
2014: Jan Feb Mar Apr May Jun Jul Aug Sep Oct Nov Dec
2013: Jan Feb Mar Apr May Jun Jul Aug Sep Oct Nov Dec
2012: Jan Feb Mar Apr May Jun Jul Aug Sep Oct Nov Dec

Report for 2019 June
                   Monthly Climatological Summary for Jun 2019

Name: Batley Weather   City: Batley   State: West Yorkshire
Elevation: 255 ft  Lat: N 53° 42' 22"   Lon: W 001° 37' 12"

                  Temperature (°C), Rain (mm), Wind Speed (mph)

                                      Heat  Cool        Avg
    Mean                              Deg   Deg         Wind                 Dom
Day Temp  High   Time   Low    Time   Days  Days  Rain  Speed High   Time    Dir
----------------------------------------------------------------------------------
 1  18.5  23.7   18:25  14.2   05:43   1.1   1.3   0.0   0.2  20.0   22:04     W
 2  18.3  22.6   13:11  14.2   23:24   1.1   1.1   0.8   0.3  20.0   18:29     W
 3  15.8  19.8   16:47  12.1   05:58   2.7   0.2   0.2   1.7  23.0   14:37     W
 4  13.8  17.7   11:35  10.6   03:54   4.5   0.0  18.2   0.0  23.0   14:37   ---
 5  13.1  16.0   15:53   9.6   23:53   5.2   0.0   0.0   0.1  16.0   10:58     W
 6  13.2  19.2   12:50   8.3   03:42   5.1   0.0   1.6   0.1  22.0   19:30     W
 7  12.5  17.4   11:48   6.8   05:04   5.8   0.0  12.4   0.2  22.0   18:07    NE
 8  12.6  13.5   19:48  11.4   23:56   5.7   0.0   4.2   0.7  25.0   13:16     W
 9  12.9  17.6   18:15   8.6   03:27   5.4   0.0   5.0   0.1  25.0   11:53     W
10  12.2  16.6   12:16   7.2   05:19   6.1   0.0   4.2   0.1  18.0   13:20   NNE
11  11.7  12.4   01:59  10.6   21:16   6.6   0.0   6.8   1.5  22.0   08:15   NNE
12  12.4  14.8   17:46  10.4   01:21   5.9   0.0   5.4   0.9  22.0   08:15   NNE
13  11.8  13.1   18:07  10.6   22:30   5.9   0.0   2.6   0.2  18.0   02:08     N
14  13.3  18.4   16:13   9.3   01:12   4.9   0.0   4.8   0.1  15.0   09:57     W
15  13.6  17.3   12:00   9.9   23:24   4.6   0.0   4.4   0.0  14.0   11:05     W
16  14.3  19.4   14:12   7.1   04:43   4.1   0.0   0.8   0.1  15.0   16:29     W
17  16.5  20.8   16:44  13.4   06:44   2.1   0.2   0.6   0.4  22.0   17:50     W
18  16.5  21.2   15:06  11.6   04:18   2.4   0.6   0.4   0.0  22.0   16:27   ---
19  16.5  20.9   16:57  11.7   23:57   2.2   0.3   2.0   0.3  18.0   19:22     W
20  14.2  18.9   18:10   9.0   04:45   4.1   0.0   0.2   1.5  23.0   15:22     W
21  14.7  19.2   16:45   9.6   01:37   3.7   0.1   0.0   1.1  23.0   15:22     W
22  16.3  23.4   16:52   8.1   04:44   3.5   1.5   0.0   0.0  22.0   09:17   ---
23  16.2  20.6   14:48  11.9   03:52   2.4   0.3   1.0   0.1  13.0   14:22    NE
24  18.0  23.2   19:06  15.2   00:49   1.3   1.0   4.8   0.0  13.0   12:59    NE
25  15.7  19.0   00:00  13.4   23:52   2.7   0.0   5.2   0.3  13.0   16:13   NNE
26  13.6  15.6   15:59  11.3   23:29   4.7   0.0   2.0   0.1  13.0   14:50    NE
27  15.3  22.8   17:35   7.6   05:14   4.0   1.0   0.0   0.0  11.0   11:21    NE
28  16.9  22.7   16:59  11.9   00:43   2.4   1.0   0.0   0.0  11.0   15:39   ---
29  20.5  29.9   16:59  13.1   02:43   1.6   3.8   0.0   0.5  22.0   22:15     W
30  19.0  21.8   14:41  16.4   04:25   0.5   1.1   0.4   2.6  23.0   03:25     W
----------------------------------------------------------------------------------
    15.0  29.9    29     6.8     7   112.3  13.5  88.0   0.4  25.0     8     WNW

Max >=  27.0:  1
Max <=   0.0:  0
Min <=   0.0:  0
Min <= -18.0:  0
Max Rain: 18.2 on day 4
Days of Rain: 23 (>= 0.2 mm)  14 (>= 2.0 mm)  0 (>= 20.0 mm)
Heat Base: 18.3  Cool Base: 18.3  Method: Integration