NOAA-Style Climate Reports

Select a Year or Month report
2020: Jan Feb Mar Apr May Jun Jul Aug Sep Oct Nov Dec
2019: Jan Feb Mar Apr May Jun Jul Aug Sep Oct Nov Dec
2018: Jan Feb Mar Apr May Jun Jul Aug Sep Oct Nov Dec
2017: Jan Feb Mar Apr May Jun Jul Aug Sep Oct Nov Dec
2016: Jan Feb Mar Apr May Jun Jul Aug Sep Oct Nov Dec
2015: Jan Feb Mar Apr May Jun Jul Aug Sep Oct Nov Dec
2014: Jan Feb Mar Apr May Jun Jul Aug Sep Oct Nov Dec
2013: Jan Feb Mar Apr May Jun Jul Aug Sep Oct Nov Dec
2012: Jan Feb Mar Apr May Jun Jul Aug Sep Oct Nov Dec

Report for 2019 May
                   Monthly Climatological Summary for May 2019

Name: Batley Weather   City: Batley   State: West Yorkshire
Elevation: 255 ft  Lat: N 53° 42' 22"   Lon: W 001° 37' 12"

                  Temperature (°C), Rain (mm), Wind Speed (mph)

                                      Heat  Cool        Avg
    Mean                              Deg   Deg         Wind                 Dom
Day Temp  High   Time   Low    Time   Days  Days  Rain  Speed High   Time    Dir
----------------------------------------------------------------------------------
 1  12.4  16.3   15:57   8.7   04:53   5.9   0.0   0.0   0.2  15.0   16:35     W
 2  10.7  14.2   15:17   7.9   05:30   7.6   0.0  11.4   1.1  19.0   11:54     W
 3   7.1   8.9   15:56   5.0   23:58  11.2   0.0   1.4   0.0  19.0   10:31    NE
 4   6.8  11.4   16:59   3.4   05:27  11.5   0.0   0.4   1.5  21.0   08:57     N
 5   8.1  13.2   17:16   3.4   03:23  10.2   0.0   0.0   0.4  21.0   07:34     W
 6   8.0  11.2   11:51   5.9   23:55  10.3   0.0   2.0   0.2  17.0   15:26   WNW
 7   8.8  13.6   16:11   5.0   01:08   9.5   0.0   1.0   0.0  11.0   00:04   ---
 8   8.3   9.4   12:46   7.2   23:55  10.0   0.0   7.4   0.6  15.0   13:12    NE
 9   7.7   8.9   13:20   6.3   23:52  10.6   0.0   2.6   0.3  17.0   15:32   NNE
10   8.2  11.3   15:26   5.8   04:26  10.1   0.0   0.6   0.0  17.0   14:09   ---
11   9.2  12.9   11:42   5.8   23:53   9.1   0.0   7.0   0.0  13.0   13:41   NNW
12  10.2  18.7   17:27   3.2   05:48   8.1   0.0   0.2   0.0  13.0   12:18     W
13  12.7  21.8   17:36   4.1   05:07   6.0   0.4   0.0   0.0  13.0   16:50     W
14  13.9  21.6   17:20   6.9   04:18   4.9   0.5   0.0   0.0  11.0   12:00   ---
15  13.5  20.8   17:26   6.7   05:08   5.0   0.3   0.0   0.0   1.0   13:33   ---
16  12.2  18.1   17:24   6.7   03:59   6.1   0.0   0.0   0.0  14.0   17:55    NE
17  13.6  19.2   14:04   9.7   01:02   4.8   0.1   0.6   0.8  17.0   13:14    NE
18  13.0  16.9   14:40  10.1   23:56   5.3   0.0   0.2   0.0  17.0   13:14    NE
19  13.8  17.8   13:56   8.8   01:47   4.5   0.0   0.0   0.2  13.0   16:40     W
20  14.1  20.4   16:58   8.6   04:56   4.3   0.1   0.0   0.8  17.0   16:02     W
21  13.9  19.1   17:15   8.6   04:37   4.4   0.0   0.0   1.5  22.0   18:36     W
22  14.2  19.5   16:01   7.9   03:51   4.2   0.1   0.0   1.3  22.0   17:12     W
23  14.9  21.3   16:58   9.8   05:10   3.7   0.3   0.0   1.2  20.0   15:23     W
24  15.1  19.7   16:36  10.3   05:22   3.4   0.1   0.0   3.2  25.0   11:22     W
25  15.2  20.1   12:22  10.6   05:17   3.3   0.2   0.0   1.1  25.0   09:59     W
26  15.6  17.8   09:57  11.8   23:42   2.7   0.0   1.6   2.5  27.0   15:38     W
27  13.1  15.6   17:00  10.8   23:34   5.2   0.0   2.8   2.3  27.0   14:15     W
28  12.1  16.4   13:53   9.7   23:59   6.2   0.0   0.2   0.1  25.0   12:15   NNW
29  12.5  18.0   13:07   5.1   04:58   5.8   0.0   1.4   0.1  17.0   22:09     W
30  18.1  22.7   17:36  15.5   00:00   1.1   0.9   0.4   2.4  30.0   17:01     W
31  18.0  21.3   18:26  15.3   04:30   1.0   0.7   0.0   0.8  30.0   15:38     W
----------------------------------------------------------------------------------
    12.1  22.7    30     3.2    12   196.0   3.7  41.2   0.7  30.0    30       W

Max >=  27.0:  0
Max <=   0.0:  0
Min <=   0.0:  0
Min <= -18.0:  0
Max Rain: 11.4 on day 2
Days of Rain: 17 (>= 0.2 mm)  6 (>= 2.0 mm)  0 (>= 20.0 mm)
Heat Base: 18.3  Cool Base: 18.3  Method: Integration