NOAA-Style Climate Reports

Select a Year or Month report
2020: Jan Feb Mar Apr May Jun Jul Aug Sep Oct Nov Dec
2019: Jan Feb Mar Apr May Jun Jul Aug Sep Oct Nov Dec
2018: Jan Feb Mar Apr May Jun Jul Aug Sep Oct Nov Dec
2017: Jan Feb Mar Apr May Jun Jul Aug Sep Oct Nov Dec
2016: Jan Feb Mar Apr May Jun Jul Aug Sep Oct Nov Dec
2015: Jan Feb Mar Apr May Jun Jul Aug Sep Oct Nov Dec
2014: Jan Feb Mar Apr May Jun Jul Aug Sep Oct Nov Dec
2013: Jan Feb Mar Apr May Jun Jul Aug Sep Oct Nov Dec
2012: Jan Feb Mar Apr May Jun Jul Aug Sep Oct Nov Dec

Report for 2019 March
                   Monthly Climatological Summary for Mar 2019

Name: Batley Weather   City: Batley   State: West Yorkshire
Elevation: 255 ft  Lat: N 53° 42' 22"   Lon: W 001° 37' 12"

                  Temperature (°C), Rain (mm), Wind Speed (mph)

                                      Heat  Cool        Avg
    Mean                              Deg   Deg         Wind                 Dom
Day Temp  High   Time   Low    Time   Days  Days  Rain  Speed High   Time    Dir
----------------------------------------------------------------------------------
 1   7.9   9.9   15:44   6.4   06:15  10.4   0.0   0.4   0.0   8.0   11:13     W
 2  10.0  12.7   12:31   6.2   00:32   8.3   0.0   1.0   1.8  28.0   21:41     W
 3   8.0  10.4   18:52   4.8   23:02  10.3   0.0   3.6   2.1  41.0   22:59   WSW
 4   6.0   9.2   12:29   3.6   23:07  12.3   0.0   2.4   5.7  41.0   21:36     W
 5   6.3  11.6   13:57   1.3   03:06  12.0   0.0   0.8   0.9  36.0   10:51   WSW
 6   9.8  12.8   12:58   7.1   23:42   8.5   0.0  10.8   0.3  24.0   09:46     W
 7   6.8   8.6   14:33   4.6   22:52  11.5   0.0   4.8   2.5  26.0   12:20     W
 8   5.3   8.7   20:28  -0.3   06:32  13.0   0.0   0.8   1.3  30.0   23:45   WSW
 9   6.8   8.7   14:12   4.8   23:56  11.5   0.0   3.0   5.3  37.0   09:51   WSW
10   4.3   6.8   13:20   2.6   21:06  13.9   0.0  11.0   4.8  43.0   13:11   WSW
11   5.8   8.5   14:25   2.5   05:35  12.5   0.0   2.6   6.2  43.0   11:48   WSW
12   6.9  10.4   06:53   4.4   10:22  11.4   0.0   8.4   4.4  33.0   01:48   WSW
13   7.7   9.7   13:25   5.9   02:21  10.6   0.0   7.0  11.5  42.0   09:33   WSW
14   8.6   9.9   14:01   7.3   00:41   9.7   0.0   8.2   8.2  46.0   07:32   WSW
15   8.7  11.8   05:14   6.3   21:17   9.6   0.0   3.0   9.6  46.0   06:09   WSW
16   8.6  12.1   12:17   4.9   22:46   9.7   0.0  18.4   4.1  42.0   07:37   WSW
17   5.8   8.4   13:19   3.9   05:14  12.5   0.0   0.4   4.6  39.0   12:39   WSW
18   6.8   9.1   13:15   2.0   03:46  11.5   0.0   0.4   0.9  39.0   11:16   WSW
19   9.7  13.0   14:47   5.7   03:46   8.6   0.0   0.0   1.1  19.0   21:21   WSW
20  13.1  17.7   16:10  10.4   01:08   5.2   0.0   0.0   1.5  21.0   06:44     W
21  11.8  13.9   16:17   9.1   19:50   6.5   0.0   0.0   1.0  21.0   05:21     W
22  11.5  12.9   13:18   8.4   23:55   6.8   0.0   0.0   1.3  22.0   14:17   WSW
23   7.8  10.7   14:44   4.8   23:54  10.5   0.0   0.0   0.8  22.0   14:17     W
24   6.6  10.8   14:00   0.1   06:32  11.7   0.0   0.0   5.0  34.0   17:57     W
25   7.6  13.3   15:48   3.1   23:38  10.7   0.0   0.0   1.2  34.0   16:33     W
26   7.8  11.9   14:53   2.3   02:55  10.4   0.0   0.0   2.1  25.0   13:47     W
27   9.1  11.3   13:40   4.7   23:09   9.2   0.0   0.0   1.1  25.0   12:24     W
28   8.3  15.3   16:45   1.6   06:09  10.0   0.0   0.0   0.2  18.0   12:24     W
29   8.2  16.4   15:50   0.2   05:07  10.1   0.0   0.0   0.3  15.0   12:03     W
30   7.2  12.9   15:37   0.4   05:48  11.0   0.0   0.0   0.8  14.0   11:15   WNW
31   7.0  10.3   14:29   0.8   23:58  10.9   0.0   0.0   0.3  14.0   11:15   ENE
----------------------------------------------------------------------------------
     7.9  17.7    20    -0.3     8   320.8   0.0  87.0   2.9  46.0    14     WSW

Max >=  27.0:  0
Max <=   0.0:  0
Min <=   0.0:  1
Min <= -18.0:  0
Max Rain: 18.4 on day 16
Days of Rain: 18 (>= 0.2 mm)  12 (>= 2.0 mm)  0 (>= 20.0 mm)
Heat Base: 18.3  Cool Base: 18.3  Method: Integration