NOAA-Style Climate Reports

Select a Year or Month report
2019: Jan Feb Mar Apr May Jun Jul Aug Sep Oct Nov Dec
2018: Jan Feb Mar Apr May Jun Jul Aug Sep Oct Nov Dec
2017: Jan Feb Mar Apr May Jun Jul Aug Sep Oct Nov Dec
2016: Jan Feb Mar Apr May Jun Jul Aug Sep Oct Nov Dec
2015: Jan Feb Mar Apr May Jun Jul Aug Sep Oct Nov Dec
2014: Jan Feb Mar Apr May Jun Jul Aug Sep Oct Nov Dec
2013: Jan Feb Mar Apr May Jun Jul Aug Sep Oct Nov Dec
2012: Jan Feb Mar Apr May Jun Jul Aug Sep Oct Nov Dec

Report for 2018 July
                   Monthly Climatological Summary for Jul 2018

Name: Batley Weather   City: Batley   State: West Yorkshire
Elevation: 255 ft  Lat: N 53° 42' 22"   Lon: W 001° 37' 12"

                  Temperature (°C), Rain (mm), Wind Speed (mph)

                                      Heat  Cool        Avg
    Mean                              Deg   Deg         Wind                 Dom
Day Temp  High   Time   Low    Time   Days  Days  Rain  Speed High   Time    Dir
----------------------------------------------------------------------------------
 1  19.1  26.7   17:05  10.3   05:00   2.1   2.9   0.0   0.3  19.0   04:08    NE
 2  19.2  25.9   16:53  11.3   04:58   1.9   2.8   0.0   0.3  15.0   15:58    NE
 3  17.9  25.0   17:42  11.7   03:57   2.1   1.7   0.0   0.4  15.0   14:35    NE
 4  17.6  25.5   17:51   9.6   03:02   2.7   2.0   0.0   0.2  11.0   05:53    NE
 5  20.5  27.7   12:39  11.4   05:01   1.4   3.7   0.0   0.3  12.0   17:11    NW
 6  20.4  27.3   17:22  12.1   04:36   1.3   3.4   0.0   0.8  19.0   07:54   WNW
 7  21.6  28.2   18:12  15.7   04:13   0.5   3.8   0.0   0.3  19.0   07:54   WNW
 8  22.2  27.7   18:26  14.8   05:06   0.6   4.5   0.0   0.3  19.0   17:15   WNW
 9  19.0  22.7   15:27  15.5   04:36   0.6   1.3   0.0   0.0  17.0   18:24   ---
10  17.5  22.7   17:28  13.2   23:59   1.7   0.9   0.0   0.3  14.0   11:15     N
11  17.6  24.6   16:48  10.6   04:56   2.4   1.7   0.0   0.0  14.0   09:52   NNW
12  17.9  23.2   18:24  15.0   05:55   1.4   1.0   0.0   0.0   7.0   07:41   ---
13  17.7  23.4   17:18  14.0   04:26   1.5   0.9   0.6   0.0   9.0   20:20   ---
14  20.5  27.4   17:18  13.4   05:16   1.2   3.4   0.2   0.4  15.0   15:09     W
15  20.9  27.5   17:14  13.3   05:20   0.9   3.5   0.0   0.4  15.0   13:46     W
16  19.9  26.3   16:51  13.9   04:02   0.9   2.5   1.2   0.2  15.0   10:45   WNW
17  17.2  20.6   15:23  12.9   05:19   1.6   0.5   0.0   1.1  19.0   08:23     W
18  17.7  23.6   15:51  10.1   03:42   2.4   1.8   0.0   0.0  19.0   07:00     W
19  19.5  25.1   17:55  13.3   05:26   1.2   2.4   0.0   0.5  15.0   12:34     W
20  16.9  24.1   12:35  11.9   02:23   2.2   0.8   0.4   0.6  17.0   14:10     W
21  18.1  21.4   18:20  15.9   05:06   1.0   0.8   0.0   0.7  17.0   12:46     W
22  20.2  26.0   17:44  15.9   01:32   0.7   2.6   0.0   1.9  19.0   09:06     W
23  23.2  28.7   14:30  17.8   03:36   0.0   5.0   0.0   0.4  19.0   07:42     W
24  20.7  24.7   14:31  15.0   23:53   0.2   2.6   0.0   0.6  18.0   15:06     W
25  18.8  27.4   17:57  10.7   05:21   2.1   2.6   0.0   0.0  18.0   13:43   ---
26  21.8  31.4   16:57  14.7   01:46   1.0   4.5   0.8   0.0   3.0   20:37   ---
27  21.9  29.4   17:21  15.0   05:17   0.5   4.1   0.4   0.0  10.0   20:05   ENE
28  17.5  21.0   00:29  12.0   23:58   1.1   0.3   3.4   0.3  18.0   14:04   WSW
29  17.2  23.6   18:06  11.4   01:04   2.1   1.0   8.8   0.2  18.0   12:41     W
30  17.7  24.8   16:02  11.9   05:38   1.8   1.2   2.6   0.1  17.0   17:53     W
31  17.7  22.6   12:43  12.2   04:53   1.9   1.3   0.0   0.2  16.0   12:59     W
----------------------------------------------------------------------------------
    19.2  31.4    26     9.6     4    43.0  71.5  18.4   0.3  19.0     1       W

Max >=  27.0: 10
Max <=   0.0:  0
Min <=   0.0:  0
Min <= -18.0:  0
Max Rain: 8.8 on day 29
Days of Rain: 9 (>= 0.2 mm)  3 (>= 2.0 mm)  0 (>= 20.0 mm)
Heat Base: 18.3  Cool Base: 18.3  Method: Integration