NOAA-Style Climate Reports

Select a Year or Month report
2019: Jan Feb Mar Apr May Jun Jul Aug Sep Oct Nov Dec
2018: Jan Feb Mar Apr May Jun Jul Aug Sep Oct Nov Dec
2017: Jan Feb Mar Apr May Jun Jul Aug Sep Oct Nov Dec
2016: Jan Feb Mar Apr May Jun Jul Aug Sep Oct Nov Dec
2015: Jan Feb Mar Apr May Jun Jul Aug Sep Oct Nov Dec
2014: Jan Feb Mar Apr May Jun Jul Aug Sep Oct Nov Dec
2013: Jan Feb Mar Apr May Jun Jul Aug Sep Oct Nov Dec
2012: Jan Feb Mar Apr May Jun Jul Aug Sep Oct Nov Dec

Report for 2018 June
                   Monthly Climatological Summary for Jun 2018

Name: Batley Weather   City: Batley   State: West Yorkshire
Elevation: 255 ft  Lat: N 53° 42' 22"   Lon: W 001° 37' 12"

                  Temperature (°C), Rain (mm), Wind Speed (mph)

                                      Heat  Cool        Avg
    Mean                              Deg   Deg         Wind                 Dom
Day Temp  High   Time   Low    Time   Days  Days  Rain  Speed High   Time    Dir
----------------------------------------------------------------------------------
 1  19.1  25.9   17:56  13.5   04:20   1.3   2.1   0.0   0.0   7.0   15:21   ---
 2  18.1  20.5   18:05  15.7   01:45   0.6   0.5   0.2   0.4  12.0   15:40   WNW
 3  18.7  22.1   11:20  15.8   03:40   0.8   1.1   0.0   0.1  12.0   14:17    NW
 4  15.2  17.0   00:00  12.7   23:58   3.1   0.0   0.0   0.3  11.0   16:27   NNE
 5  13.9  18.9   17:14  10.3   23:47   4.5   0.0   0.0   0.4  11.0   15:04    NE
 6  13.6  16.6   17:38  10.4   00:38   4.7   0.0   0.0   0.1  11.0   11:15   NNE
 7  14.7  21.0   17:27   8.7   03:15   3.9   0.4   0.0   0.1  10.0   13:33    NE
 8  13.7  16.2   17:28  11.8   05:08   4.6   0.0   0.6   0.0  10.0   07:54   ENE
 9  16.1  22.1   17:07  12.0   04:37   2.9   0.7   0.0   0.0   8.0   13:33    NE
10  16.2  23.2   17:18  10.5   02:05   2.9   0.8   0.0   0.0   8.0   12:10    NE
11  18.6  24.3   16:44  12.4   03:35   1.6   2.0   0.0   1.0  16.0   15:58   NNW
12  15.7  19.3   16:33  13.1   23:58   2.6   0.0   0.0   0.2  16.0   14:35   NNE
13  16.7  22.6   17:14  10.3   03:25   2.5   0.8   0.0   0.4  18.0   14:31    NW
14  16.9  19.3   16:31  12.6   23:56   1.5   0.1   0.0   5.4  37.0   11:40     W
15  14.0  17.7   12:11   9.5   04:13   4.3   0.0   0.0   0.9  37.0   10:17     W
16  14.1  20.9   15:50   8.4   02:27   4.3   0.1   7.2   0.9  27.0   16:32     W
17  15.6  18.6   13:58  12.6   03:36   2.7   0.0   0.0   0.4  27.0   15:08     W
18  17.3  21.3   16:58  14.3   04:29   1.5   0.5   2.2   3.6  31.0   16:21     W
19  17.4  21.7   18:20  12.4   04:36   1.9   1.0   0.2   0.5  31.0   14:58     W
20  17.7  20.8   10:35  12.0   23:57   1.0   0.4   0.0   3.1  27.0   10:08     W
21  14.0  18.7   16:53   9.8   04:59   4.4   0.0   0.0   4.0  27.0   08:45   WNW
22  15.4  22.7   16:56   8.2   05:02   3.6   0.8   0.0   0.7  26.0   02:02   WNW
23  15.5  19.8   14:25  11.3   04:07   3.1   0.3   0.0   1.3  19.0   15:34     W
24  17.8  27.4   18:06   8.4   04:42   3.0   2.5   0.0   0.2  18.0   08:15   WNW
25  20.2  29.9   17:26  10.6   04:52   2.0   3.9   0.0   0.1  11.0   19:19    NW
26  19.8  28.6   17:20  10.3   04:42   2.0   3.5   0.0   0.1  11.0   10:29    NE
27  17.6  26.1   17:09  11.6   03:22   2.7   2.0   0.0   0.1   8.0   10:58    NE
28  18.5  27.8   17:54  11.1   02:24   2.5   2.7   0.0   0.1   9.0   15:12    NE
29  19.0  27.4   17:11   9.9   04:45   2.3   3.0   0.0   0.3  13.0   15:32    NE
30  18.1  24.7   13:05  11.4   02:39   2.3   2.1   0.0   0.5  19.0   05:32    NE
----------------------------------------------------------------------------------
    16.6  29.9    25     8.2    22    81.1  31.3  10.4   0.8  37.0    14     WNW

Max >=  27.0:  5
Max <=   0.0:  0
Min <=   0.0:  0
Min <= -18.0:  0
Max Rain: 7.2 on day 16
Days of Rain: 5 (>= 0.2 mm)  2 (>= 2.0 mm)  0 (>= 20.0 mm)
Heat Base: 18.3  Cool Base: 18.3  Method: Integration