NOAA-Style Climate Reports

Select a Year or Month report
2019: Jan Feb Mar Apr May Jun Jul Aug Sep Oct Nov Dec
2018: Jan Feb Mar Apr May Jun Jul Aug Sep Oct Nov Dec
2017: Jan Feb Mar Apr May Jun Jul Aug Sep Oct Nov Dec
2016: Jan Feb Mar Apr May Jun Jul Aug Sep Oct Nov Dec
2015: Jan Feb Mar Apr May Jun Jul Aug Sep Oct Nov Dec
2014: Jan Feb Mar Apr May Jun Jul Aug Sep Oct Nov Dec
2013: Jan Feb Mar Apr May Jun Jul Aug Sep Oct Nov Dec
2012: Jan Feb Mar Apr May Jun Jul Aug Sep Oct Nov Dec

Report for 2018 May
                   Monthly Climatological Summary for May 2018

Name: Batley Weather   City: Batley   State: West Yorkshire
Elevation: 255 ft  Lat: N 53° 42' 22"   Lon: W 001° 37' 12"

                  Temperature (°C), Rain (mm), Wind Speed (mph)

                                      Heat  Cool        Avg
    Mean                              Deg   Deg         Wind                 Dom
Day Temp  High   Time   Low    Time   Days  Days  Rain  Speed High   Time    Dir
----------------------------------------------------------------------------------
 1   9.1  15.1   16:09   0.8   02:54   9.2   0.0   0.2   1.2  25.0   08:34     W
 2   9.8  12.2   14:38   7.2   23:36   8.5   0.0   0.4   4.1  32.0   14:20     W
 3  11.0  15.3   13:30   6.2   03:03   7.3   0.0   0.0   1.7  32.0   12:56     W
 4  14.1  19.6   17:29  10.4   03:19   4.3   0.1   0.0   0.3  20.0   09:46     W
 5  15.4  24.0   17:28   6.6   05:32   4.3   1.4   0.0   0.0  14.0   13:39   ---
 6  16.9  24.9   17:23   9.4   05:37   3.1   1.8   0.0   0.0   2.0   12:47   ---
 7  18.2  25.7   17:37   9.9   05:32   2.6   2.5   0.0   0.0   0.0   00:00   ---
 8  16.1  23.2   12:15  11.2   05:26   3.2   0.9   0.0   1.3  20.0   15:46    NW
 9  12.6  18.6   12:09   6.6   05:17   5.7   0.0   0.0   0.5  20.0   14:22   WNW
10  11.5  15.3   17:23   6.5   23:40   6.8   0.0   0.0   3.8  26.0   17:08    NW
11  11.9  17.3   15:06   5.1   05:25   6.4   0.0   0.0   0.0  26.0   15:44   ENE
12  13.0  17.8   15:50   8.6   07:21   5.3   0.0   1.0   0.0   9.0   10:51   ---
13  13.3  18.6   17:09   8.1   23:55   5.0   0.0   2.4   1.8  18.0   13:00    NW
14  13.1  22.1   17:35   3.8   05:31   5.6   0.4   0.0   0.0  18.0   11:37   WNW
15  15.1  23.2   17:07   7.0   05:07   4.2   1.0   0.0   0.8  17.0   20:29    NW
16  11.3  14.7   02:34   5.1   23:47   7.0   0.0   0.0   1.6  21.0   03:32   NNE
17   9.4  14.6   14:41   2.4   04:53   8.9   0.0   0.0   0.1  21.0   02:08    NE
18  11.6  18.9   18:10   2.8   05:13   6.7   0.0   0.0   0.0  11.0   08:43    NW
19  14.2  22.3   17:26   5.9   04:38   4.9   0.8   0.0   0.0   9.0   13:40   ---
20  16.3  24.6   17:38   7.7   05:19   3.7   1.7   0.0   0.0   0.0   00:00   ---
21  15.5  23.3   17:33   8.4   05:06   3.9   1.1   0.0   0.0   0.0   00:00   ---
22  12.7  16.3   17:39  10.2   05:54   5.6   0.0   0.0   2.1  21.0   09:42   NNE
23  13.3  19.7   17:12   9.8   23:18   5.1   0.1   0.0   0.3  21.0   08:18    NE
24  14.1  21.7   17:11   9.0   04:33   4.6   0.5   0.0   0.6  14.0   14:08    NE
25  12.4  13.8   18:39  11.0   02:33   5.9   0.0   7.0   1.3  17.0   13:54   NNE
26  15.9  21.0   19:00  11.9   05:57   2.9   0.5   0.0   1.0  17.0   12:31    NE
27  17.6  23.7   12:50  11.3   04:25   2.4   1.7   0.0   0.6  17.0   13:14    NE
28  17.8  24.2   17:52  13.8   01:45   2.0   1.4   0.4   0.2  17.0   13:14    NE
29  15.8  19.1   16:04  13.8   06:26   2.5   0.0   0.0   0.9  16.0   15:05   NNE
30  14.3  15.3   10:00  13.2   02:59   4.0   0.0   0.2   0.1  16.0   13:42     N
31  18.4  23.3   15:55  14.1   00:11   1.5   1.6   0.0   0.0  11.0   06:23   ---
----------------------------------------------------------------------------------
    13.9  25.7     7     0.8     1   153.1  17.5  11.6   0.8  32.0     2      NW

Max >=  27.0:  0
Max <=   0.0:  0
Min <=   0.0:  0
Min <= -18.0:  0
Max Rain: 7.0 on day 25
Days of Rain: 7 (>= 0.2 mm)  2 (>= 2.0 mm)  0 (>= 20.0 mm)
Heat Base: 18.3  Cool Base: 18.3  Method: Integration