NOAA-Style Climate Reports

Select a Year or Month report
2018: Jan Feb Mar Apr May Jun Jul Aug Sep Oct Nov Dec
2017: Jan Feb Mar Apr May Jun Jul Aug Sep Oct Nov Dec
2016: Jan Feb Mar Apr May Jun Jul Aug Sep Oct Nov Dec
2015: Jan Feb Mar Apr May Jun Jul Aug Sep Oct Nov Dec
2014: Jan Feb Mar Apr May Jun Jul Aug Sep Oct Nov Dec
2013: Jan Feb Mar Apr May Jun Jul Aug Sep Oct Nov Dec
2012: Jan Feb Mar Apr May Jun Jul Aug Sep Oct Nov Dec

Report for 2018 January
                   Monthly Climatological Summary for Jan 2018

Name: Batley Weather   City: Batley   State: West Yorkshire
Elevation: 255 ft  Lat: N 53° 42' 22"   Lon: W 001° 37' 12"

                  Temperature (°C), Rain (mm), Wind Speed (mph)

                                      Heat  Cool        Avg
    Mean                              Deg   Deg         Wind                 Dom
Day Temp  High   Time   Low    Time   Days  Days  Rain  Speed High   Time    Dir
----------------------------------------------------------------------------------
 1   5.9   6.9   14:21   4.6   02:51  12.4   0.0   1.6   3.3  27.0   06:57   WSW
 2   6.6  10.1   22:20   4.1   09:18  11.7   0.0   4.4   3.6  35.0   23:40   WSW
 3   7.9   8.9   13:11   7.2   02:53  10.4   0.0   5.6  12.0  49.0   04:17   WSW
 4   6.8   9.7   14:19   5.3   23:34  11.5   0.0   3.0   5.0  49.0   04:17   WSW
 5   3.7   6.3   14:49   1.3   19:16  14.6   0.0   0.0   0.2  44.0   14:51     W
 6   3.8   5.7   12:51   2.0   23:53  14.5   0.0   1.4   1.3  21.0   13:26    NE
 7   1.0   3.2   14:39  -1.9   22:42  17.3   0.0   0.0   0.1  21.0   12:02   ENE
 8   0.4   3.1   20:06  -2.6   05:43  17.9   0.0   0.2   0.0  10.0   13:04   ENE
 9   3.1   4.2   23:29   2.3   03:57  15.2   0.0   0.2   0.0  10.0   10:38     W
10   5.1   7.9   14:23   1.9   20:00  13.2   0.0   2.0   0.0   6.0   00:33     W
11   6.5   8.0   13:58   4.9   00:00  11.8   0.0   0.2   0.1   7.0   10:18   WNW
12   6.3   6.9   00:00   5.8   20:22  12.0   0.0   0.0   0.0   7.0   08:54   ---
13   5.5   6.3   13:01   4.4   23:42  12.8   0.0   0.0   0.0   5.0   06:45   ---
14   4.2   6.6   23:58   3.1   18:56  14.1   0.0   0.2   0.0  15.0   23:52   WSW
15   7.4   9.9   08:45   4.4   23:24  10.9   0.0   6.6   4.1  33.0   16:56   WSW
16   3.0   4.5   00:00   1.6   23:04  15.3   0.0   5.0   5.2  33.0   15:33   WSW
17   3.6   4.9   12:53   1.7   00:00  14.7   0.0  14.2   7.8  36.0   05:30   WSW
18   3.8   8.1   02:57   1.9   00:00  14.5   0.0   5.8   3.5  37.0   03:20     W
19   3.1   4.1   11:24   2.3   23:56  15.2   0.0   3.8   3.8  37.0   01:57   WSW
20   2.0   4.0   15:46  -0.8   22:12  16.3   0.0   0.6   0.3  26.0   16:29   WSW
21   1.5   7.3   23:59  -1.2   02:28  16.8   0.0   4.2   0.7  23.0   22:58   WSW
22   7.5   9.1   14:15   6.6   01:16  10.8   0.0   0.2   4.0  26.0   14:33   WSW
23  10.3  13.3   11:55   6.2   03:38   8.0   0.0   0.2   2.7  27.0   17:02   WSW
24   8.8  13.2   06:37   6.4   22:42   9.5   0.0   8.6   4.3  41.0   05:58   WSW
25   6.1   8.3   13:02   2.9   23:56  12.2   0.0   1.6   1.3  41.0   05:58   WSW
26   4.1   7.3   14:46   1.6   22:59  14.2   0.0   0.2   0.1  22.0   01:01    NW
27   8.1  12.5   18:32   1.4   00:46  10.2   0.0   0.0   4.0  32.0   19:02   WSW
28  10.9  13.1   15:02   8.3   00:27   7.4   0.0   1.0   5.5  32.0   17:39   WSW
29   8.2  11.2   03:23   4.4   22:42  10.1   0.0   1.0   6.1  32.0   00:57   WSW
30   5.3   6.9   12:05   3.3   07:21  13.0   0.0   0.0   2.0  30.0   04:00   WSW
31   4.4   7.2   04:37   2.2   22:59  13.9   0.0   8.4   6.8  38.0   04:15   WSW
----------------------------------------------------------------------------------
     5.3  13.3    23    -2.6     8   402.4   0.0  80.2   2.8  49.0     3     WSW

Max >=  27.0:  0
Max <=   0.0:  0
Min <=   0.0:  4
Min <= -18.0:  0
Max Rain: 14.2 on day 17
Days of Rain: 25 (>= 0.2 mm)  12 (>= 2.0 mm)  0 (>= 20.0 mm)
Heat Base: 18.3  Cool Base: 18.3  Method: Integration