NOAA-Style Climate Reports

Select a Year or Month report
2018: Jan Feb Mar Apr May Jun Jul Aug Sep Oct Nov Dec
2017: Jan Feb Mar Apr May Jun Jul Aug Sep Oct Nov Dec
2016: Jan Feb Mar Apr May Jun Jul Aug Sep Oct Nov Dec
2015: Jan Feb Mar Apr May Jun Jul Aug Sep Oct Nov Dec
2014: Jan Feb Mar Apr May Jun Jul Aug Sep Oct Nov Dec
2013: Jan Feb Mar Apr May Jun Jul Aug Sep Oct Nov Dec
2012: Jan Feb Mar Apr May Jun Jul Aug Sep Oct Nov Dec

Report for 2017 September
                   Monthly Climatological Summary for Sep 2017

Name: Batley Weather   City: Batley   State: West Yorkshire
Elevation: 255 ft  Lat: N 53° 42' 22"   Lon: W 001° 37' 12"

                  Temperature (°C), Rain (mm), Wind Speed (mph)

                                      Heat  Cool        Avg
    Mean                              Deg   Deg         Wind                 Dom
Day Temp  High   Time   Low    Time   Days  Days  Rain  Speed High   Time    Dir
----------------------------------------------------------------------------------
 1  13.1  19.0   15:31   7.2   05:36   5.2   0.0   0.2   0.2  14.0   16:36   WNW
 2  13.3  19.5   15:22   7.9   05:23   5.2   0.1   0.2   0.0  14.0   15:12     W
 3  13.0  16.9   13:15   8.1   06:23   5.3   0.0   0.2   0.0  10.0   12:09   ---
 4  17.3  22.1   17:04  13.6   00:05   2.0   1.0   0.6   0.1  12.0   20:43     W
 5  16.6  18.2   14:53  12.2   23:52   1.7   0.0   7.4   1.1  21.0   15:06     W
 6  14.0  16.2   14:54  11.6   05:55   4.3   0.0   0.8   2.5  24.0   15:39     W
 7  14.9  17.2   15:46  12.1   06:35   3.4   0.0   0.2   0.6  24.0   14:16     W
 8  14.3  16.4   16:16  12.5   23:58   4.0   0.0   8.4   2.1  24.0   14:47     W
 9  12.7  15.0   15:08   9.7   23:54   5.6   0.0   6.4   0.2  24.0   13:23   WNW
10  12.7  16.9   15:16   8.1   03:44   5.6   0.0   3.4   1.1  24.0   19:52     W
11  13.4  16.4   14:25  10.8   00:47   4.9   0.0   6.4   4.7  32.0   16:50     W
12  13.1  16.1   14:39  11.7   04:12   5.2   0.0   2.2   3.9  32.0   15:27     W
13  12.1  14.4   14:24   9.1   23:45   6.2   0.0   0.4   5.6  49.0   03:44     W
14  11.9  16.1   13:55   9.1   00:00   6.4   0.0   0.8   2.6  49.0   02:20     W
15  11.1  15.0   14:59   7.1   03:17   7.2   0.0   1.4   0.3  25.0   14:41   NNW
16  11.7  15.0   16:11   9.2   22:13   6.6   0.0   0.0   0.4  14.0   09:16     N
17  12.9  15.9   15:01  10.7   00:00   5.4   0.0   0.8   0.7  18.0   16:19   NNE
18  11.9  14.6   12:29   9.2   23:17   6.4   0.0   3.4   0.1  18.0   14:56   NNW
19   9.7  15.3   16:48   4.8   06:46   8.6   0.0   0.2   0.3  14.0   15:32     W
20  13.3  18.4   14:09   6.3   02:16   5.0   0.0   0.8   0.0  14.0   14:08     W
21  14.0  17.2   12:16   8.4   23:43   4.3   0.0   0.0   0.8  20.0   15:37     W
22  10.7  15.8   14:11   4.8   07:03   7.6   0.0   2.2   0.0  20.0   14:13   SSW
23  13.3  17.1   16:28   8.7   07:18   5.0   0.0   0.2   0.0  11.0   11:06   ---
24  14.4  19.9   15:33   8.8   07:26   4.1   0.1   0.4   0.0  10.0   15:07     E
25  15.0  17.6   16:53  13.5   23:38   3.3   0.0   3.2   0.0  10.0   13:44   ---
26  15.1  17.9   14:30  13.4   06:27   3.2   0.0   0.0   0.0   4.0   22:18   ---
27  15.3  17.9   15:58  13.7   07:19   3.0   0.0  10.0   0.0   9.0   13:31     E
28  14.7  17.7   15:10  11.4   23:02   3.6   0.0   1.4   0.3  12.0   10:30     W
----------------------------------------------------------------------------------
    13.4  22.1     4     4.8    19   138.3   1.2  61.6   1.0  49.0    13       W

Max >=  27.0:  0
Max <=   0.0:  0
Min <=   0.0:  0
Min <= -18.0:  0
Max Rain: 10.0 on day 27
Days of Rain: 25 (>= 0.2 mm)  10 (>= 2.0 mm)  0 (>= 20.0 mm)
Heat Base: 18.3  Cool Base: 18.3  Method: Integration