NOAA-Style Climate Reports

Select a Year or Month report
2018: Jan Feb Mar Apr May Jun Jul Aug Sep Oct Nov Dec
2017: Jan Feb Mar Apr May Jun Jul Aug Sep Oct Nov Dec
2016: Jan Feb Mar Apr May Jun Jul Aug Sep Oct Nov Dec
2015: Jan Feb Mar Apr May Jun Jul Aug Sep Oct Nov Dec
2014: Jan Feb Mar Apr May Jun Jul Aug Sep Oct Nov Dec
2013: Jan Feb Mar Apr May Jun Jul Aug Sep Oct Nov Dec
2012: Jan Feb Mar Apr May Jun Jul Aug Sep Oct Nov Dec

Report for 2017 May
                   Monthly Climatological Summary for May 2017

Name: Batley Weather   City: Batley   State: West Yorkshire
Elevation: 255 ft  Lat: N 53° 42' 22"   Lon: W 001° 37' 12"

                  Temperature (°C), Rain (mm), Wind Speed (mph)

                                      Heat  Cool        Avg
    Mean                              Deg   Deg         Wind                 Dom
Day Temp  High   Time   Low    Time   Days  Days  Rain  Speed High   Time    Dir
----------------------------------------------------------------------------------
 1  11.7  16.2   17:01   7.9   22:41   6.6   0.0   0.0   1.1  21.0   14:16    NE
 2  11.1  15.2   15:33   7.3   01:20   7.2   0.0   0.0   1.0  19.0   16:39    NE
 3  10.7  15.5   13:18   6.4   05:26   7.3   0.0   0.0   4.3  22.0   10:45    NE
 4  11.1  15.8   12:40   7.1   23:48   7.2   0.0   0.0   3.8  23.0   12:01    NE
 5  10.4  15.7   17:04   6.4   05:26   7.9   0.0   0.0   3.2  23.0   10:37    NE
 6   9.7  12.4   16:20   6.7   05:01   8.6   0.0   0.0   2.0  20.0   13:02    NE
 7   9.6  13.6   15:39   6.1   03:03   8.7   0.0   0.0   1.5  16.0   10:47   NNE
 8   8.8  11.1   15:21   7.4   23:54   9.5   0.0   0.0   3.6  21.0   02:50   NNE
 9   9.0  15.0   17:27   4.3   23:52   9.3   0.0   0.0   0.4  21.0   02:50    NE
10  11.5  20.9   17:45   2.8   04:42   6.6   0.1   0.0   0.2  12.0   08:57     W
11  11.5  18.4   15:44   4.4   05:36   6.8   0.0   0.0   0.1  12.0   07:33   ENE
12  11.6  15.9   18:08   7.0   01:27   6.7   0.0   0.0   0.1  12.0   17:00    NE
13  13.9  18.9   17:13   9.6   22:34   4.4   0.0   0.0   0.7  19.0   07:28     W
14  13.5  18.4   17:15   8.4   23:54   4.8   0.0   2.2   1.4  20.0   11:31   WNW
15  12.8  16.7   15:17   6.9   05:13   5.5   0.0   4.6   0.0  20.0   11:31     S
16  16.9  19.1   17:09  15.0   23:32   1.3   0.1   6.2   0.6  16.0   13:20     W
17  12.7  15.0   00:00   9.6   23:54   5.6   0.0  11.6   0.1  16.0   13:20     W
18  11.7  17.2   15:07   5.4   05:22   6.5   0.0   1.8   0.5  15.0   07:45     W
19  11.0  13.3   14:10   9.7   03:59   7.3   0.0   5.8   0.0  15.0   06:22   NNW
20  10.9  15.9   11:31   6.5   05:44   7.4   0.0   8.4   0.5  22.0   19:19     W
21  13.2  18.9   16:52   5.5   02:44   4.7   0.0   0.0   0.2  14.0   12:07     W
22  15.8  22.8   16:48   8.7   04:22   3.6   1.1   0.0   0.6  16.0   23:42   WNW
23  16.9  21.8   17:37  11.7   03:00   1.8   0.6   0.0   2.1  19.0   10:04    NW
24  18.5  23.3   17:22  15.0   00:23   1.2   1.4   0.0   3.2  19.0   08:40    NW
25  19.5  27.6   17:52  11.4   04:44   1.8   3.0   0.0   0.0  19.0   11:53   NNW
26  20.3  26.6   17:32  13.7   04:00   1.1   2.9   0.0   0.1  14.0   12:03     E
27  17.4  24.9   13:09  11.9   05:03   1.8   0.8   8.6   0.6  17.0   22:17   WNW
28  16.6  20.0   17:22  14.8   05:07   1.9   0.2   0.0   3.6  25.0   12:22    NW
29  13.4  15.8   00:00  12.6   08:55   4.5   0.0   3.6   0.0   9.0   08:49    NE
30  15.6  19.9   17:04  12.4   23:53   2.7   0.1   0.8   2.1  20.0   17:41   WNW
31  16.1  23.6   17:21   7.7   05:19   2.8   0.8   0.0   0.1  14.0   15:09   WNW
----------------------------------------------------------------------------------
    13.3  27.6    25     2.8    10   163.1  11.1  53.6   1.2  25.0    28       N

Max >=  27.0:  1
Max <=   0.0:  0
Min <=   0.0:  0
Min <= -18.0:  0
Max Rain: 11.6 on day 17
Days of Rain: 10 (>= 0.2 mm)  8 (>= 2.0 mm)  0 (>= 20.0 mm)
Heat Base: 18.3  Cool Base: 18.3  Method: Integration