NOAA-Style Climate Reports

Select a Year or Month report
2018: Jan Feb Mar Apr May Jun Jul Aug Sep Oct Nov Dec
2017: Jan Feb Mar Apr May Jun Jul Aug Sep Oct Nov Dec
2016: Jan Feb Mar Apr May Jun Jul Aug Sep Oct Nov Dec
2015: Jan Feb Mar Apr May Jun Jul Aug Sep Oct Nov Dec
2014: Jan Feb Mar Apr May Jun Jul Aug Sep Oct Nov Dec
2013: Jan Feb Mar Apr May Jun Jul Aug Sep Oct Nov Dec
2012: Jan Feb Mar Apr May Jun Jul Aug Sep Oct Nov Dec

Report for 2017 January
                   Monthly Climatological Summary for Jan 2017

Name: Batley Weather   City: Batley   State: West Yorkshire
Elevation: 255 ft  Lat: N 53° 42' 22"   Lon: W 001° 37' 12"

                  Temperature (°C), Rain (mm), Wind Speed (mph)

                                      Heat  Cool        Avg
    Mean                              Deg   Deg         Wind                 Dom
Day Temp  High   Time   Low    Time   Days  Days  Rain  Speed High   Time    Dir
----------------------------------------------------------------------------------
 1   5.1   9.0   00:18   2.8   21:10  13.2   0.0   5.6   3.0  18.0   00:22   NNE
 2   1.7   3.8   00:00  -0.3   09:01  16.6   0.0   0.0   1.3  14.0   11:43     W
 3   6.3   7.3   13:08   2.8   00:30  12.0   0.0   0.0   8.6  34.0   10:56   WSW
 4   6.1   7.1   00:00   1.7   23:59  12.1   0.0   0.0   8.8  23.0   13:14   WSW
 5  -1.0   1.7   00:00  -2.9   08:26  19.3   0.0   0.0   0.0   1.0   00:36   ---
 6   4.0   7.7   19:29  -2.3   00:25  14.3   0.0   0.2   0.3  13.0   17:34   WSW
 7   8.9  10.8   14:23   5.7   22:34   9.4   0.0   0.0   0.4  10.0   02:32   WSW
 8   7.5   9.3   13:22   4.2   07:04  10.8   0.0   0.0   0.4  12.0   18:26     W
 9   7.4  10.1   06:37   5.1   01:26  10.9   0.0   3.8   4.5  23.0   07:39   WSW
10   8.2   9.6   18:42   6.3   00:00  10.1   0.0   0.4   7.9  35.0   21:29   WSW
11   7.6  11.4   03:57   4.4   23:49  10.6   0.0   0.4  13.8  50.0   05:06   WSW
12   3.2   5.0   02:48   0.9   22:28  15.1   0.0   1.6   5.8  40.0   00:35   WSW
13   2.2   5.0   13:39  -1.4   23:20  16.1   0.0   1.2   7.2  41.0   08:07     W
14   2.5   5.0   14:27  -0.6   00:00  15.8   0.0   0.0   2.3  17.0   00:54     W
15   7.2  10.1   14:14   1.3   00:00  11.1   0.0   4.8   1.9  18.0   06:44   WSW
16   7.2   8.7   00:00   5.7   22:39  11.1   0.0   1.6   0.0   3.0   08:58   ---
17   7.0   8.3   12:36   5.7   00:00  11.3   0.0   0.2   0.4  13.0   19:55   WSW
18   7.8   8.2   11:00   7.3   09:03  10.5   0.0   0.0   0.2  11.0   00:18   WSW
19   8.3   8.6   12:29   8.2   00:00  10.0   0.0   0.0   0.0   0.0   00:00   ---
20   7.1   8.5   00:00   5.9   12:20  11.2   0.0   0.0   0.0   4.0   11:41   ---
21   5.0   5.9   00:00   3.2   23:42  12.6   0.0   0.0   0.0   4.0   13:50   ---
22   2.4   4.1   13:52  -0.4   06:31  15.6   0.0   0.0   0.0   8.0   18:45     W
23   1.8   4.9   15:43  -0.7   03:50  16.5   0.0   0.0   0.0   8.0   17:21     W
24   2.1   7.7   14:23  -2.4   07:59  16.2   0.0   0.2   0.0   6.0   14:36   WSW
25   2.4   6.7   13:51  -0.4   08:42  15.9   0.0   0.0   0.1  11.0   12:57   WSW
26   0.9   2.5   00:00  -0.8   23:48  17.2   0.0   0.0   0.0  12.0   12:29   ENE
27   0.9   2.9   15:40  -1.3   05:59  17.4   0.0   0.8   0.0  12.0   12:29    NE
28   4.0   6.5   13:50   0.9   22:17  14.3   0.0   2.6   0.9  20.0   11:13   WSW
29   3.1   5.6   14:38   1.2   10:58  15.1   0.0   0.6   0.0  13.0   00:00   NNE
30   5.5   6.9   13:33   4.4   05:29  12.8   0.0   0.0   0.0  13.0   00:00    NE
31   5.7   7.1   22:57   4.7   03:56  12.6   0.0   9.2   0.0  10.0   00:44   ENE
----------------------------------------------------------------------------------
     4.8  11.4    11    -2.9     5   417.7   0.0  33.2   2.2  50.0    11       W

Max >=  27.0:  0
Max <=   0.0:  0
Min <=   0.0: 11
Min <= -18.0:  0
Max Rain: 9.2 on day 31
Days of Rain: 15 (>= 0.2 mm)  5 (>= 2.0 mm)  0 (>= 20.0 mm)
Heat Base: 18.3  Cool Base: 18.3  Method: Integration