NOAA-Style Climate Reports

Select a Year or Month report
2018: Jan Feb Mar Apr May Jun Jul Aug Sep Oct Nov Dec
2017: Jan Feb Mar Apr May Jun Jul Aug Sep Oct Nov Dec
2016: Jan Feb Mar Apr May Jun Jul Aug Sep Oct Nov Dec
2015: Jan Feb Mar Apr May Jun Jul Aug Sep Oct Nov Dec
2014: Jan Feb Mar Apr May Jun Jul Aug Sep Oct Nov Dec
2013: Jan Feb Mar Apr May Jun Jul Aug Sep Oct Nov Dec
2012: Jan Feb Mar Apr May Jun Jul Aug Sep Oct Nov Dec

Report for 2016 October
                   Monthly Climatological Summary for Oct 2016

Name: Batley Weather   City: Batley   State: West Yorkshire
Elevation: 255 ft  Lat: N 53° 42' 22"   Lon: W 001° 37' 12"

                  Temperature (°C), Rain (mm), Wind Speed (mph)

                                      Heat  Cool        Avg
    Mean                              Deg   Deg         Wind                 Dom
Day Temp  High   Time   Low    Time   Days  Days  Rain  Speed High   Time    Dir
----------------------------------------------------------------------------------
 1   9.2  13.5   15:26   5.4   07:51   9.1   0.0   5.6   0.4  18.0   16:31    NE
 2   9.6  14.1   16:09   5.6   23:45   8.7   0.0   0.2   0.3  11.0   10:10     N
 3   7.8  13.1   16:30   2.8   06:54  10.4   0.0   0.0   0.0   7.0   13:21   ESE
 4  13.2  17.2   14:52   7.8   00:00   5.1   0.0   0.0   0.0  11.0   18:09   ENE
 5  12.7  15.0   12:22   8.6   23:49   5.6   0.0   0.0   0.1  14.0   14:00   ENE
 6  11.1  14.6   13:21   7.9   04:14   7.2   0.0   0.0   1.2  17.0   10:21   ENE
 7  12.6  14.1   14:06  11.3   00:00   5.7   0.0   0.6   0.2  12.0   05:07   ENE
 8  11.6  13.6   14:08   9.1   06:20   6.7   0.0   0.4   0.1   9.0   09:54   NNE
 9   9.8  12.6   13:58   6.8   07:49   8.4   0.0   0.6   0.3  13.0   15:39   NNE
10   8.5  12.1   14:10   5.4   07:41   9.8   0.0   0.2   0.4  18.0   15:12   NNE
11  10.2  13.2   14:51   6.1   00:20   8.1   0.0   2.4   0.6  12.0   15:06    NE
12  11.2  13.6   12:26   9.8   06:47   7.1   0.0   2.0   0.8  15.0   13:27    NE
13   9.6  10.4   00:00   8.8   06:31   8.7   0.0   5.4   0.2  12.0   13:05    NE
14   9.6  11.8   12:51   6.8   07:05   8.7   0.0   0.2   0.0   8.0   20:15    NE
15  10.3  12.9   14:34   8.5   23:57   8.0   0.0   0.4   0.0   7.0   15:56   ---
16   9.7  13.6   13:59   6.4   03:34   8.6   0.0   1.2   0.0   9.0   14:26   SSW
17  11.3  15.0   13:02   7.9   01:34   7.0   0.0   0.0   0.8  17.0   12:01     W
18   9.9  11.3   05:13   8.2   09:14   8.4   0.0   2.4   4.3  29.0   16:22     W
19  11.0  12.7   14:39   9.9   21:48   7.3   0.0   0.0   2.5  19.0   01:15     W
20  10.6  13.0   13:23   6.4   23:55   7.7   0.0   1.0   0.5  14.0   16:16     N
21   8.3  11.9   15:39   4.9   23:50  10.0   0.0   0.2   0.0   7.0   11:03   NNW
22   8.3  11.7   13:27   4.7   00:18  10.0   0.0   0.2   0.3  11.0   12:04    NE
23   8.9  10.7   14:51   6.7   01:34   9.4   0.0   0.4   1.3  15.0   10:52    NE
24   8.6  11.6   15:52   4.9   06:44   9.7   0.0   0.0   0.2   9.0   01:19    NE
25   6.6   8.7   00:00   6.3   04:10  11.7   0.0   0.0   0.0   2.0   00:49   ---
26   6.3   6.3   00:00   6.3   00:00  12.0   0.0   0.0   0.0   0.0   00:00   ---
27   6.3   6.3   00:00   6.3   00:00  12.0   0.0   0.0   0.0   0.0   00:00   ---
28   9.7  14.2   15:18   6.3   00:00   8.5   0.0   0.4   0.1  18.0   00:02     W
29  13.8  16.1   13:27  12.4   00:00   4.5   0.0   0.2   0.0   7.0   18:45     W
30  12.2  13.9   13:15  10.0   23:58   6.4   0.0   0.0   0.0   8.0   01:38     W
31  10.8  15.3   14:10   8.0   23:40   7.5   0.0   0.0   0.0   2.0   13:13   ---
----------------------------------------------------------------------------------
    10.0  17.2     4     2.8     3   258.0   0.0  24.0   0.5  29.0    18      NW

Max >=  27.0:  0
Max <=   0.0:  0
Min <=   0.0:  0
Min <= -18.0:  0
Max Rain: 5.6 on day 1
Days of Rain: 19 (>= 0.2 mm)  5 (>= 2.0 mm)  0 (>= 20.0 mm)
Heat Base: 18.3  Cool Base: 18.3  Method: Integration