NOAA-Style Climate Reports

Select a Year or Month report
2018: Jan Feb Mar Apr May Jun Jul Aug Sep Oct Nov Dec
2017: Jan Feb Mar Apr May Jun Jul Aug Sep Oct Nov Dec
2016: Jan Feb Mar Apr May Jun Jul Aug Sep Oct Nov Dec
2015: Jan Feb Mar Apr May Jun Jul Aug Sep Oct Nov Dec
2014: Jan Feb Mar Apr May Jun Jul Aug Sep Oct Nov Dec
2013: Jan Feb Mar Apr May Jun Jul Aug Sep Oct Nov Dec
2012: Jan Feb Mar Apr May Jun Jul Aug Sep Oct Nov Dec

Report for 2016 June
                   Monthly Climatological Summary for Jun 2016

Name: Batley Weather   City: Batley   State: West Yorkshire
Elevation: 255 ft  Lat: N 53° 42' 22"   Lon: W 001° 37' 12"

                  Temperature (°C), Rain (mm), Wind Speed (mph)

                                      Heat  Cool        Avg
    Mean                              Deg   Deg         Wind                 Dom
Day Temp  High   Time   Low    Time   Days  Days  Rain  Speed High   Time    Dir
----------------------------------------------------------------------------------
 1  11.2  12.6   14:20   9.2   23:30   7.1   0.0   0.0   3.9  23.0   06:00   NNE
 2  10.4  14.3   17:24   7.6   23:58   7.9   0.0   0.0   2.8  23.0   05:05   NNE
 3  11.4  17.6   17:43   4.2   04:42   6.8   0.0   0.0   0.5  18.0   05:36   NNE
 4  15.8  20.1   15:14  11.4   23:59   2.8   0.3   0.0   0.2  12.0   09:39   NNE
 5  15.4  24.2   17:42  10.0   01:57   3.8   1.0   0.0   0.1  10.0   17:41   ENE
 6  16.9  25.2   17:11   8.4   05:03   3.3   1.9   0.0   0.1   7.0   13:36   ENE
 7  18.8  26.1   17:00  10.1   05:13   2.1   2.6   0.0   0.2  14.0   19:19   WNW
 8  18.3  21.9   15:07  14.8   23:58   0.8   0.8   0.0   0.2  12.0   00:28   NNE
 9  17.1  24.5   17:26  12.1   04:20   2.5   1.2   0.0   0.1   7.0   17:48   ENE
10  17.4  21.3   14:23  15.0   02:50   1.4   0.5   5.6   0.0   9.0   16:59    NE
11  15.4  17.6   17:23  13.2   06:23   2.9   0.0   4.8   0.0   5.0   13:15    NE
12  15.6  18.1   13:38  13.5   05:12   2.7   0.0   2.6   0.0   5.0   13:06   NNW
13  14.8  18.4   15:20  13.2   03:30   3.5   0.0   7.0   0.1  11.0   17:29     N
14  14.2  16.4   17:34  12.4   06:09   4.1   0.0   6.2   0.0   6.0   08:21    NE
15  13.6  15.9   15:27  11.1   04:28   4.7   0.0  14.0   0.0   7.0   21:08    NE
16  14.5  17.1   17:17  12.9   05:18   3.8   0.0   0.0   0.6  12.0   16:25   NNE
17  13.7  16.5   17:10  12.1   07:40   4.6   0.0   5.0   0.5  14.0   18:05   NNW
18  13.8  18.2   18:15  10.7   23:46   4.5   0.0   0.2   0.6  14.0   04:12   WNW
19  14.9  19.3   14:02   8.8   03:32   3.3   0.1   4.8   0.1  12.0   23:44     W
20  16.8  19.5   18:14  12.7   23:42   1.6   0.1   1.0   2.8  26.0   16:24     W
21  16.8  22.7   17:03  10.7   03:37   2.5   1.1   0.0   0.7  16.0   17:36     W
22  18.0  23.3   17:24  12.4   03:11   1.8   1.5   0.0   0.2  12.0   09:45     W
23  17.8  23.6   16:35  12.2   02:12   1.9   1.4   0.0   0.4  13.0   23:22     W
24  15.6  19.6   11:23  11.1   04:42   2.8   0.1   2.6   0.9  18.0   13:11   WNW
25  15.0  19.7   12:24  11.9   04:07   3.3   0.1   1.4   0.5  19.0   14:43   WNW
26  15.2  18.9   12:39  11.3   05:35   3.1   0.0   2.2   1.9  22.0   13:09   WNW
27  15.5  18.5   16:59  11.6   23:39   2.8   0.0   0.2   5.5  28.0   14:17    NW
28  13.9  18.4   14:03   9.1   05:04   4.4   0.0   3.6   0.0  28.0   13:19   WSW
29  13.9  18.0   15:36  10.4   03:12   4.4   0.0   5.6   1.8  25.0   15:47   WNW
30  15.0  18.8   14:37  11.1   05:40   3.3   0.0   1.0   0.7  25.0   14:49     W
----------------------------------------------------------------------------------
    15.2  26.1     7     4.2     3   104.5  12.7  67.8   0.8  28.0    27      NW

Max >=  27.0:  0
Max <=   0.0:  0
Min <=   0.0:  0
Min <= -18.0:  0
Max Rain: 14.0 on day 15
Days of Rain: 17 (>= 0.2 mm)  12 (>= 2.0 mm)  0 (>= 20.0 mm)
Heat Base: 18.3  Cool Base: 18.3  Method: Integration