NOAA-Style Climate Reports

Select a Year or Month report
2018: Jan Feb Mar Apr May Jun Jul Aug Sep Oct Nov Dec
2017: Jan Feb Mar Apr May Jun Jul Aug Sep Oct Nov Dec
2016: Jan Feb Mar Apr May Jun Jul Aug Sep Oct Nov Dec
2015: Jan Feb Mar Apr May Jun Jul Aug Sep Oct Nov Dec
2014: Jan Feb Mar Apr May Jun Jul Aug Sep Oct Nov Dec
2013: Jan Feb Mar Apr May Jun Jul Aug Sep Oct Nov Dec
2012: Jan Feb Mar Apr May Jun Jul Aug Sep Oct Nov Dec

Report for 2016 March
                   Monthly Climatological Summary for Mar 2016

Name: Batley Weather   City: Batley   State: West Yorkshire
Elevation: 255 ft  Lat: N 53° 42' 22"   Lon: W 001° 37' 12"

                  Temperature (°C), Rain (mm), Wind Speed (mph)

                                      Heat  Cool        Avg
    Mean                              Deg   Deg         Wind                 Dom
Day Temp  High   Time   Low    Time   Days  Days  Rain  Speed High   Time    Dir
----------------------------------------------------------------------------------
 1   8.5  11.6   11:48   4.2   00:00   9.8   0.0   2.0   6.3  33.0   15:14   WSW
 2   4.1   6.1   22:48   1.8   10:25  14.2   0.0   9.4   6.9  38.0   23:01     W
 3   4.0   7.7   12:36  -1.1   07:31  14.3   0.0   4.0   1.9  32.0   00:04   WNW
 4   3.0   4.2   00:00   1.3   04:56  15.3   0.0  27.6   2.8  21.0   14:01    NE
 5   4.2   7.2   14:37   1.4   23:50  14.1   0.0   0.4   2.1  19.0   12:42     N
 6   2.5   5.4   13:16  -0.7   06:48  15.8   0.0   0.0   0.7  11.0   01:05     W
 7   2.2   6.5   13:59  -2.0   23:49  16.1   0.0   0.0   1.8  18.0   14:01   WNW
 8   3.6   8.3   13:53  -2.4   01:36  14.7   0.0   0.4   0.8  17.0   13:29   WSW
 9   5.5   6.0   17:39   4.6   08:14  12.8   0.0  14.2   3.7  23.0   13:50     N
10   5.8   7.3   14:00   4.6   06:59  12.5   0.0   0.0   0.5  12.0   00:58   NNW
11   6.4  10.0   14:56   4.7   04:35  11.8   0.0   0.0   0.1   6.0   11:57   ENE
12   7.5  12.8   13:49   1.0   06:17  10.8   0.0   0.0   0.2  11.0   13:48     W
13   6.8  10.6   12:50   1.2   23:56  11.5   0.0   0.0   0.1   9.0   13:07   ENE
14   5.7  10.1   14:48   0.8   00:26  12.6   0.0   0.0   1.0  15.0   13:47   ENE
15   6.9   9.9   14:31   4.6   06:27  11.4   0.0   0.0   1.6  14.0   11:12    NE
16   6.8  11.2   13:03   4.3   19:32  11.5   0.0   0.0   3.2  19.0   04:49    NE
17   5.5  10.1   15:44   1.7   22:51  12.8   0.0   0.0   0.2   9.0   06:52   ENE
18   5.6   7.4   15:07   1.9   00:00  12.7   0.0   0.0   1.5  13.0   11:38    NE
19   6.7   8.6   12:33   5.3   23:09  11.5   0.0   0.0   1.5  13.0   09:57    NE
20   8.1  12.3   14:33   4.8   03:51  10.2   0.0   0.0   0.3  15.0   14:01   WNW
21   7.2  10.9   14:41   3.6   04:00  11.1   0.0   0.0   3.7  24.0   13:37     W
22   7.0  10.2   14:43   1.1   05:17  11.3   0.0   0.0   0.7  12.0   13:47     W
23   7.1   9.2   12:40   2.8   22:52  11.2   0.0   0.0   1.1  13.0   14:39     W
24   8.2  10.9   14:29   3.2   00:00  10.1   0.0   0.0   1.9  18.0   10:26   WSW
25   8.9  13.7   16:23   5.4   03:48   9.4   0.0   0.0   2.7  19.0   12:46   WSW
26   9.3  14.2   15:30   6.4   23:49   9.0   0.0   3.0   2.1  25.0   19:36   WSW
27   7.2  12.4   14:20   4.4   22:44  10.6   0.0   1.6   1.4  26.0   15:17   WSW
28   6.4   9.2   18:22   3.2   06:30  11.9   0.0  17.8   5.9  33.0   12:13     W
29   5.7   9.4   13:01   3.3   23:57  12.6   0.0   2.6   1.9  17.0   12:58   WSW
30   5.9  10.7   15:32   2.3   00:20  12.4   0.0   0.2   2.5  22.0   14:00     W
31   6.1  13.0   17:32   0.1   06:06  12.2   0.0   0.2   0.2  12.0   17:32     W
----------------------------------------------------------------------------------
     6.1  14.2    26    -2.4     8   378.2   0.0  83.4   2.0  38.0     2     WNW

Max >=  27.0:  0
Max <=   0.0:  0
Min <=   0.0:  4
Min <= -18.0:  0
Max Rain: 27.6 on day 4
Days of Rain: 13 (>= 0.2 mm)  8 (>= 2.0 mm)  1 (>= 20.0 mm)
Heat Base: 18.3  Cool Base: 18.3  Method: Integration