NOAA-Style Climate Reports

Select a Year or Month report
2018: Jan Feb Mar Apr May Jun Jul Aug Sep Oct Nov Dec
2017: Jan Feb Mar Apr May Jun Jul Aug Sep Oct Nov Dec
2016: Jan Feb Mar Apr May Jun Jul Aug Sep Oct Nov Dec
2015: Jan Feb Mar Apr May Jun Jul Aug Sep Oct Nov Dec
2014: Jan Feb Mar Apr May Jun Jul Aug Sep Oct Nov Dec
2013: Jan Feb Mar Apr May Jun Jul Aug Sep Oct Nov Dec
2012: Jan Feb Mar Apr May Jun Jul Aug Sep Oct Nov Dec

Report for 2015 July
                   Monthly Climatological Summary for Jul 2015

Name: Batley Weather   City: Batley   State: West Yorkshire
Elevation: 255 ft  Lat: N 53° 42' 22"   Lon: W 001° 37' 12"

                  Temperature (°C), Rain (mm), Wind Speed (mph)

                                      Heat  Cool        Avg
    Mean                              Deg   Deg         Wind                 Dom
Day Temp  High   Time   Low    Time   Days  Days  Rain  Speed High   Time    Dir
----------------------------------------------------------------------------------
 1  23.4  32.8   17:31  14.4   03:49   0.8   6.0   0.0   0.2  11.0   13:11   ENE
 2  19.8  25.2   15:38  13.1   23:49   0.9   2.4   2.2   1.9  19.0   18:48     W
 3  17.0  23.9   16:37   9.6   03:49   2.8   1.5   0.0   0.2  11.0   17:44   ENE
 4  18.9  25.9   17:29  14.2   23:58   1.5   2.1   4.8   1.5  23.0   13:50     W
 5  15.7  22.4   13:50   9.3   04:54   3.2   0.6   0.2   0.7  27.0   16:07     W
 6  15.4  17.8   10:26  11.9   01:38   2.9   0.0   0.0   1.1  21.0   07:46     W
 7  16.2  20.5   11:43  13.8   23:15   2.2   0.1   0.2   2.3  24.0   16:41     W
 8  14.2  16.3   11:12  11.6   23:53   4.1   0.0   0.0   3.0  23.0   18:34     W
 9  14.8  19.4   17:21  10.0   05:12   3.6   0.1   0.0   1.9  17.0   14:31     W
10  18.4  27.8   17:36   9.6   03:08   2.6   2.8   0.0   0.1  10.0   17:34    SW
11  18.2  21.8   13:15  15.8   21:32   0.8   0.7   0.0   2.8  22.0   14:18     W
12  17.5  21.2   17:21  13.2   23:59   1.5   0.7   0.0   3.5  23.0   14:18     W
13  16.5  19.6   18:04  12.6   00:35   2.0   0.2   0.0   1.1  18.0   18:24     W
14  17.7  23.1   17:43  14.4   03:53   1.6   1.0   0.0   0.9  13.0   14:34     W
15  16.4  21.0   18:08  13.4   23:27   2.2   0.4   0.0   2.5  18.0   11:20     W
16  15.8  22.2   17:29   8.9   05:13   3.4   0.9   0.0   0.3  13.0   17:16   ENE
17  18.2  20.7   12:38  13.2   00:45   1.4   1.2   0.0   2.7  21.0   12:54     W
18  20.6  20.6   00:00  20.6   00:00   0.0   2.3   0.0   5.0  19.0   00:00     W
19  20.6  20.6   00:00  20.6   00:00   0.0   2.3   0.0   5.0  19.0   00:00     W
20  20.3  22.7   18:56  15.4   23:54   0.1   2.1   0.0   3.8  23.0   22:20     W
21  17.5  21.1   13:08  14.2   03:39   1.4   0.6   0.0   2.8  22.0   14:06     W
22  14.9  17.5   16:49  10.3   23:49   3.4   0.0   0.0   1.5  19.0   19:46     W
23  14.2  19.2   17:31   8.6   03:17   4.1   0.0   0.0   1.9  19.0   13:29     W
24  13.3  18.0   14:25   6.5   04:57   5.0   0.0   0.0   0.1   6.0   12:44    NE
25  14.6  19.5   17:43   9.6   23:49   3.7   0.1   0.2   2.6  22.0   16:55   WNW
26  12.3  17.3   11:25   6.3   05:29   6.0   0.0   0.0   0.1   7.0   10:06   ENE
27  14.9  18.3   13:02  13.4   02:15   3.4   0.0   0.0   1.0  18.0   13:44     W
28  13.2  16.2   14:54  11.1   23:49   5.1   0.0   0.6   2.2  22.0   16:20     W
29  13.3  17.4   15:27  10.5   04:49   5.0   0.0   0.4   2.4  20.0   12:59     W
30  13.7  17.9   17:30   9.9   00:00   4.6   0.0   0.4   0.8  20.0   17:30   WSW
31  13.7  19.7   16:30   6.2   05:00   4.8   0.2   0.0   0.6  13.0   11:00     W
----------------------------------------------------------------------------------
    16.5  32.8     1     6.2    31    84.1  28.3   9.0   1.9  27.0     5       W

Max >=  27.0:  2
Max <=   0.0:  0
Min <=   0.0:  0
Min <= -18.0:  0
Max Rain: 4.8 on day 4
Days of Rain: 8 (>= 0.2 mm)  2 (>= 2.0 mm)  0 (>= 20.0 mm)
Heat Base: 18.3  Cool Base: 18.3  Method: Integration