NOAA-Style Climate Reports

Select a Year or Month report
2018: Jan Feb Mar Apr May Jun Jul Aug Sep Oct Nov Dec
2017: Jan Feb Mar Apr May Jun Jul Aug Sep Oct Nov Dec
2016: Jan Feb Mar Apr May Jun Jul Aug Sep Oct Nov Dec
2015: Jan Feb Mar Apr May Jun Jul Aug Sep Oct Nov Dec
2014: Jan Feb Mar Apr May Jun Jul Aug Sep Oct Nov Dec
2013: Jan Feb Mar Apr May Jun Jul Aug Sep Oct Nov Dec
2012: Jan Feb Mar Apr May Jun Jul Aug Sep Oct Nov Dec

Report for 2015 April
                   Monthly Climatological Summary for Apr 2015

Name: Batley Weather   City: Batley   State: West Yorkshire
Elevation: 255 ft  Lat: N 53° 42' 22"   Lon: W 001° 37' 12"

                  Temperature (°C), Rain (mm), Wind Speed (mph)

                                      Heat  Cool        Avg
    Mean                              Deg   Deg         Wind                 Dom
Day Temp  High   Time   Low    Time   Days  Days  Rain  Speed High   Time    Dir
----------------------------------------------------------------------------------
 1   5.9   9.1   14:21   2.6   03:19  12.4   0.0   2.4   9.2  37.0   00:58     W
 2   7.0  11.2   17:12   3.1   07:05  11.3   0.0   1.4   0.9  17.0   02:02     W
 3   8.1  10.7   15:28   5.8   02:15  10.2   0.0   1.0   0.3  14.0   23:45   WNW
 4   9.1  12.6   17:09   7.2   07:44   9.2   0.0   0.8   0.9  14.0   09:16     N
 5  10.7  18.1   17:36   5.6   04:23   7.6   0.0   0.6   0.2   9.0   10:43     N
 6  11.2  19.1   13:51   4.7   06:54   7.2   0.0   0.4   0.2  11.0   14:50   NNE
 7  10.3  16.7   12:33   3.9   06:24   8.0   0.0   0.4   2.6  20.0   12:34   WNW
 8   9.5  16.7   13:38   2.8   06:14   8.8   0.0   0.4   0.1   9.0   15:34   ENE
 9  10.5  19.9   17:22   3.1   06:28   7.9   0.1   0.2   0.2   9.0   15:03   WNW
10  11.7  20.3   16:08   2.8   06:29   6.8   0.3   0.2   0.3  15.0   23:30   SSW
11   9.6  11.9   00:00   5.9   08:51   8.7   0.0   0.2   7.3  31.0   08:41     W
12   7.5  13.2   13:06   4.3   22:40  10.8   0.0   5.2   4.7  36.0   11:58     W
13   8.9  14.5   16:29   1.2   06:07   9.4   0.0   0.0   1.3  18.0   18:42   WSW
14  13.1  19.2   17:31   9.6   06:34   5.2   0.0   0.0   4.8  30.0   10:16     W
15   9.9  13.1   17:31   7.0   06:07   8.4   0.0   0.0   4.7  31.0   09:08     W
16   8.9  15.0   17:01   2.2   06:32   9.4   0.0   0.0   0.2  10.0   20:01   ENE
17   9.4  14.2   12:47   3.4   23:59   8.9   0.0   0.0   1.1  15.0   15:31   ENE
18   8.2  14.6   16:48   2.7   03:14  10.1   0.0   0.0   1.7  16.0   15:32   ENE
19   8.1  13.1   13:57   3.8   05:34  10.2   0.0   0.6   2.4  19.0   13:24    NE
20   8.5  15.8   17:31   2.4   05:50   9.8   0.0   0.2   0.2  10.0   14:45   ENE
21  10.2  20.6   17:29   1.8   06:12   8.2   0.1   0.0   0.2  11.0   11:30    NE
22  10.5  19.8   17:24   2.1   05:58   7.8   0.0   0.0   0.2  10.0   14:02   ENE
23  10.7  21.4   17:02   2.5   05:50   7.8   0.2   0.0   0.3   9.0   14:16   ENE
24  12.5  19.2   13:00   6.4   06:15   5.9   0.0   0.0   1.8  18.0   16:47     W
25  10.9  15.1   13:30   5.5   23:57   7.4   0.0   0.8   4.2  24.0   12:08   WNW
26   6.9  13.1   17:30   0.5   05:58  11.4   0.0   0.0   2.9  21.0   17:55   WNW
27   6.0  13.7   13:27  -2.1   05:58  12.3   0.0   0.2   1.1  23.0   21:08     W
28   6.7  11.8   16:24   3.4   23:18  11.6   0.0   1.0   6.6  33.0   16:30     W
29   7.1  12.9   17:09   1.4   02:09  11.2   0.0   3.2   3.6  28.0   14:51     W
30   7.4  11.1   13:30   2.5   23:59  10.2   0.0   4.2   0.9  22.0   02:19   WNW
----------------------------------------------------------------------------------
     9.2  21.4    23    -2.1    27   274.1   0.7  23.4   2.2  37.0     1       W

Max >=  27.0:  0
Max <=   0.0:  0
Min <=   0.0:  1
Min <= -18.0:  0
Max Rain: 5.2 on day 12
Days of Rain: 19 (>= 0.2 mm)  4 (>= 2.0 mm)  0 (>= 20.0 mm)
Heat Base: 18.3  Cool Base: 18.3  Method: Integration