NOAA-Style Climate Reports

Select a Year or Month report
2018: Jan Feb Mar Apr May Jun Jul Aug Sep Oct Nov Dec
2017: Jan Feb Mar Apr May Jun Jul Aug Sep Oct Nov Dec
2016: Jan Feb Mar Apr May Jun Jul Aug Sep Oct Nov Dec
2015: Jan Feb Mar Apr May Jun Jul Aug Sep Oct Nov Dec
2014: Jan Feb Mar Apr May Jun Jul Aug Sep Oct Nov Dec
2013: Jan Feb Mar Apr May Jun Jul Aug Sep Oct Nov Dec
2012: Jan Feb Mar Apr May Jun Jul Aug Sep Oct Nov Dec

Report for 2015 February
                   Monthly Climatological Summary for Feb 2015

Name: Batley Weather   City: Batley   State: West Yorkshire
Elevation: 255 ft  Lat: N 53° 42' 22"   Lon: W 001° 37' 12"

                  Temperature (°C), Rain (mm), Wind Speed (mph)

                                      Heat  Cool        Avg
    Mean                              Deg   Deg         Wind                 Dom
Day Temp  High   Time   Low    Time   Days  Days  Rain  Speed High   Time    Dir
----------------------------------------------------------------------------------
 1   2.3   4.3   12:45  -1.7   23:36  16.0   0.0   0.0   6.2  29.0   03:21   WNW
 2   0.7   2.7   14:15  -1.7   00:00  17.6   0.0   0.0   1.9  15.0   12:31     W
 3   1.6   4.8   13:11  -1.6   05:18  16.7   0.0   0.0   0.8  16.0   22:09   NNW
 4   2.6   5.3   23:53   0.0   05:44  15.7   0.0   0.0   1.4  15.0   11:07    NW
 5   3.4   6.5   13:07  -0.2   23:47  14.9   0.0   0.2   0.7  14.0   13:00   NNE
 6   0.4   4.7   14:39  -2.8   06:51  17.9   0.0   0.2   0.3  10.0   14:15    NE
 7   3.3   6.3   14:16  -0.4   23:13  15.0   0.0   0.0   0.2   7.0   15:45   WNW
 8   2.5   6.7   13:05  -1.9   06:56  15.8   0.0   0.2   3.0  19.0   16:01   WSW
 9   5.3   8.4   13:51   2.6   22:24  12.9   0.0   0.0   3.9  22.0   14:32     W
10   4.2   7.2   13:47   0.2   21:42  14.1   0.0   0.0   1.3  15.0   04:34     W
11   3.3   4.4   13:28   1.9   02:55  15.0   0.0   0.0   0.4  12.0   12:46   WSW
12   4.2   6.8   13:51   1.0   23:59  14.1   0.0   0.0   0.0   4.0   10:59   WSW
13   4.9   7.2   15:18   0.4   00:19  13.4   0.0   0.8   0.4  13.0   17:11   ENE
14   6.6   8.4   14:23   5.3   02:58  11.7   0.0   1.2   1.2  12.0   06:30   ENE
15   6.4   7.7   15:30   5.6   20:29  11.9   0.0   0.0   0.1  10.0   10:40   ENE
16   5.7   8.1   13:45   2.6   23:35  12.6   0.0   1.4   1.8  16.0   17:03     W
17   4.7   8.2   14:40  -0.3   05:11  13.6   0.0   0.0   3.6  23.0   09:57   WSW
18   7.8  11.0   14:03   5.0   01:46  10.5   0.0   0.0   3.7  20.0   09:05   WSW
19   6.9   9.1   10:51   2.8   22:57  11.4   0.0   3.2   2.5  23.0   11:20   WSW
20   4.3   6.4   13:33   2.4   05:20  14.0   0.0   0.0   2.6  20.0   10:45   WSW
21   3.8   6.3   12:40   1.8   07:24  14.5   0.0   0.0   5.3  26.0   12:10     W
22   4.4   8.6   20:38   2.3   01:04  13.9   0.0   2.2   3.2  35.0   23:32   WSW
23   4.7   7.1   13:14   2.9   07:55  13.6   0.0   0.8   7.2  35.0   00:22   WSW
24   5.3   7.3   11:50   3.1   01:22  12.9   0.0   1.2   9.6  34.0   13:14   WSW
25   7.3  10.2   14:29   3.6   00:39  11.0   0.0   0.0   1.7  17.0   03:24   WSW
26   7.8  11.3   07:49   2.8   22:07  10.5   0.0   1.8   5.2  29.0   13:20     W
27   5.1   7.9   14:58   2.8   01:59  13.2   0.0   0.0   4.6  24.0   11:56   WSW
28   9.1  12.1   12:52   6.2   00:00   9.2   0.0   0.2   3.0  39.0   23:46   WSW
----------------------------------------------------------------------------------
     4.6  12.1    28    -2.8     6   383.6   0.0  13.4   2.7  39.0    28       W

Max >=  27.0:  0
Max <=   0.0:  0
Min <=   0.0:  9
Min <= -18.0:  0
Max Rain: 3.2 on day 19
Days of Rain: 12 (>= 0.2 mm)  2 (>= 2.0 mm)  0 (>= 20.0 mm)
Heat Base: 18.3  Cool Base: 18.3  Method: Integration