NOAA-Style Climate Reports

Select a Year or Month report
2018: Jan Feb Mar Apr May Jun Jul Aug Sep Oct Nov Dec
2017: Jan Feb Mar Apr May Jun Jul Aug Sep Oct Nov Dec
2016: Jan Feb Mar Apr May Jun Jul Aug Sep Oct Nov Dec
2015: Jan Feb Mar Apr May Jun Jul Aug Sep Oct Nov Dec
2014: Jan Feb Mar Apr May Jun Jul Aug Sep Oct Nov Dec
2013: Jan Feb Mar Apr May Jun Jul Aug Sep Oct Nov Dec
2012: Jan Feb Mar Apr May Jun Jul Aug Sep Oct Nov Dec

Report for 2014 December
                   Monthly Climatological Summary for Dec 2014

Name: Batley Weather   City: Batley   State: West Yorkshire
Elevation: 255 ft  Lat: N 53° 42' 22"   Lon: W 001° 37' 12"

                  Temperature (°C), Rain (mm), Wind Speed (mph)

                                      Heat  Cool        Avg
    Mean                              Deg   Deg         Wind                 Dom
Day Temp  High   Time   Low    Time   Days  Days  Rain  Speed High   Time    Dir
----------------------------------------------------------------------------------
 1   8.1   9.8   00:00   7.2   20:40  10.2   0.0   0.0   0.0   7.0   23:59     W
 2   5.3   8.2   02:29   0.6   23:40  13.0   0.0   0.2   1.8  16.0   05:53    NW
 3   0.6   4.1   14:43  -1.8   07:57  17.7   0.0   0.0   0.0   4.0   13:01   ---
 4   4.2   6.1   13:13   0.4   00:24  14.1   0.0   0.2   0.1   6.0   08:57   NNE
 5   3.4   6.5   11:35   0.0   23:56  14.9   0.0   0.0   2.0  22.0   11:00     W
 6   2.6   8.3   23:21  -3.1   08:24  15.7   0.0   0.0   2.0  19.0   23:37   WSW
 7   6.3   9.8   05:31   3.8   23:44  12.0   0.0   3.6   7.6  31.0   08:27   WSW
 8   3.1   5.4   14:08  -0.7   23:52  15.2   0.0   4.2   3.2  25.0   12:00   WSW
 9   4.6  11.5   21:23  -1.8   04:11  13.7   0.0   0.6   3.8  40.0   22:23   WSW
10   5.1   8.0   00:00   3.8   17:52  13.0   0.0  13.4  10.0  39.0   01:04   WSW
11   4.2   5.6   13:22   0.0   00:03  14.1   0.0  13.6   7.4  31.0   02:18   WSW
12   3.4   4.9   02:34   2.1   23:19  14.9   0.0   5.6   3.6  26.0   15:18   WSW
13   1.4   3.5   13:45  -2.8   08:10  16.9   0.0   0.4   1.4  20.0   14:10   WSW
14   6.5   9.0   13:53   2.4   00:09  11.8   0.0   1.2   3.7  22.0   12:25   WSW
15   4.7   6.2   11:44   2.4   22:10  13.6   0.0   2.6   2.6  18.0   12:08   WSW
16   5.8   6.5   12:36   3.7   00:00  12.5   0.0   2.8   3.1  21.0   02:18   WSW
17  10.7  11.4   11:45   6.3   00:00   7.6   0.0   2.4   5.7  31.0   03:29   WSW
18  11.8  12.8   13:54   9.3   23:46   6.5   0.0  12.4   6.4  32.0   17:30   WSW
19   6.7   9.3   00:00   5.4   17:26  11.4   0.0   2.8  11.7  43.0   16:14   WSW
20   7.5   8.2   13:06   6.7   00:59  10.8   0.0   0.2   9.2  37.0   05:15   WSW
21   9.7  12.8   23:19   6.8   01:33   8.6   0.0   0.0   7.0  32.0   17:01   WSW
22  12.4  13.7   13:06  11.6   23:42   5.9   0.0   0.8  10.9  42.0   09:37   WSW
23  11.5  12.2   12:54  10.9   16:32   6.8   0.0   0.4   6.4  30.0   03:24   WSW
24   6.8  11.4   00:00   4.8   08:50  11.5   0.0   0.2   8.0  28.0   13:08   WSW
25   5.3   7.2   12:49   1.3   23:00  13.0   0.0   0.0   4.3  27.0   00:49     W
26   2.7   5.3   12:57   0.6   02:07  15.6   0.0   7.6   0.8  12.0   19:30    NE
27   1.6   2.7   03:15  -0.1   09:10  16.7   0.0   3.2   1.0  13.0   04:12   NNW
28   0.8   2.2   19:45  -1.2   10:10  17.5   0.0   0.0   0.8  13.0   21:09   WSW
29   0.4   3.5   14:17  -2.5   08:09  17.9   0.0   0.8   0.5  13.0   21:18   WSW
30   1.7   3.9   14:09  -1.4   23:42  16.6   0.0   1.4   1.9  19.0   01:35   WSW
31   3.3   8.7   23:36  -2.8   05:55  15.0   0.0   0.4   0.6  19.0   22:28   WSW
----------------------------------------------------------------------------------
     5.2  13.7    22    -3.1     6   404.7   0.0  81.0   4.1  43.0    19     WSW

Max >=  27.0:  0
Max <=   0.0:  0
Min <=   0.0: 12
Min <= -18.0:  0
Max Rain: 13.6 on day 11
Days of Rain: 24 (>= 0.2 mm)  12 (>= 2.0 mm)  0 (>= 20.0 mm)
Heat Base: 18.3  Cool Base: 18.3  Method: Integration