NOAA-Style Climate Reports

Select a Year or Month report
2018: Jan Feb Mar Apr May Jun Jul Aug Sep Oct Nov Dec
2017: Jan Feb Mar Apr May Jun Jul Aug Sep Oct Nov Dec
2016: Jan Feb Mar Apr May Jun Jul Aug Sep Oct Nov Dec
2015: Jan Feb Mar Apr May Jun Jul Aug Sep Oct Nov Dec
2014: Jan Feb Mar Apr May Jun Jul Aug Sep Oct Nov Dec
2013: Jan Feb Mar Apr May Jun Jul Aug Sep Oct Nov Dec
2012: Jan Feb Mar Apr May Jun Jul Aug Sep Oct Nov Dec

Report for 2014 April
                   Monthly Climatological Summary for Apr 2014

Name: Batley Weather   City: Batley   State: West Yorkshire
Elevation: 255 ft  Lat: N 53° 42' 22"   Lon: W 001° 37' 12"

                  Temperature (°C), Rain (mm), Wind Speed (mph)

                                      Heat  Cool        Avg
    Mean                              Deg   Deg         Wind                 Dom
Day Temp  High   Time   Low    Time   Days  Days  Rain  Speed High   Time    Dir
----------------------------------------------------------------------------------
 1  11.0  16.2   15:56   8.2   05:18   7.3   0.0   4.2   0.2  10.0   11:35     N
 2   7.8   9.3   15:22   6.4   07:50  10.5   0.0   0.0   1.8  14.0   18:19   ENE
 3   7.9   9.5   16:46   6.8   02:56  10.4   0.0   0.2   1.9  11.0   15:09   ENE
 4  10.0  13.6   15:40   7.6   05:11   8.3   0.0   1.4   1.6  18.0   15:30     W
 5  11.3  15.5   17:40   4.9   02:06   7.0   0.0   0.0   0.4  20.0   17:03    SW
 6  14.4  17.5   13:09   9.5   23:59   3.9   0.0   3.0   2.5  27.0   13:11   WSW
 7   9.6  16.3   14:23   5.8   22:12   8.7   0.0   3.0   2.0  26.0   14:49   WSW
 8   8.6  12.0   17:30   5.2   05:36   9.7   0.0   0.6   8.7  32.0   12:53   WSW
 9  11.0  15.8   15:23   7.7   00:00   7.2   0.0   0.0   5.1  23.0   04:30   WSW
10  11.1  15.5   12:43   7.7   02:27   7.2   0.0   0.0   3.7  22.0   13:31   WSW
11   9.9  14.3   15:34   5.6   06:47   8.4   0.0   0.0   2.1  18.0   17:35     W
12   8.8  12.2   14:06   4.7   01:59   9.5   0.0   0.0   3.8  22.0   11:44   WSW
13   9.6  13.0   14:21   6.3   05:51   8.7   0.0   0.0   8.9  40.0   13:41     W
14  10.1  15.3   17:13   4.8   23:54   8.2   0.0   0.0   5.1  24.0   03:38     W
15   8.3  17.0   17:02   0.3   06:26  10.0   0.0   0.0   0.3  10.0   11:43     E
16   9.9  18.5   17:05   1.2   06:27   8.4   0.0   0.0   0.7  14.0   17:10   WSW
17  10.3  12.7   13:23   6.4   23:46   8.0   0.0   0.0   6.1  33.0   13:53     W
18   7.6  14.8   17:16   1.3   04:38  10.7   0.0   0.0   0.7  12.0   10:18    NE
19   6.5  14.2   17:33  -0.7   06:10  11.7   0.0   0.0   0.7  11.0   09:48   ENE
20   9.7  15.0   15:40   4.3   02:16   8.6   0.0   0.0   5.1  23.0   14:52    NE
21  12.1  19.2   13:55   9.6   23:19   6.3   0.0   0.8   2.9  19.0   14:04    NE
22  10.9  14.3   17:49   9.2   01:45   7.4   0.0   6.4   2.1  15.0   03:45    NE
23  12.6  17.7   13:44   8.8   05:54   5.7   0.0   1.8   0.2  10.0   14:12     S
24  12.3  16.9   12:42   8.7   04:51   6.0   0.0   0.8   0.3  10.0   19:26    NE
25   9.8  10.8   12:41   8.5   00:05   8.5   0.0   4.2   1.8  14.0   16:35    NE
26  11.4  16.4   17:33   7.1   04:27   6.9   0.0   0.6   0.4  12.0   15:38     E
27  11.0  15.2   13:01   6.5   01:31   7.3   0.0   0.0   2.8  17.0   16:58    NE
28  13.6  19.0   16:25   9.5   23:59   4.7   0.1   0.0   0.2   7.0   12:50   NNE
29  12.8  18.7   16:46   7.9   01:40   5.5   0.0   0.0   0.2   7.0   12:59   ENE
30  12.8  16.4   14:32   9.2   00:57   5.5   0.0   0.4   0.1   7.0   11:12   ENE
----------------------------------------------------------------------------------
    10.4  19.2    21    -0.7    19   236.2   0.1  27.4   2.4  40.0    13       W

Max >=  27.0:  0
Max <=   0.0:  0
Min <=   0.0:  1
Min <= -18.0:  0
Max Rain: 6.4 on day 22
Days of Rain: 13 (>= 0.2 mm)  5 (>= 2.0 mm)  0 (>= 20.0 mm)
Heat Base: 18.3  Cool Base: 18.3  Method: Integration