NOAA-Style Climate Reports

Select a Year or Month report
2018: Jan Feb Mar Apr May Jun Jul Aug Sep Oct Nov Dec
2017: Jan Feb Mar Apr May Jun Jul Aug Sep Oct Nov Dec
2016: Jan Feb Mar Apr May Jun Jul Aug Sep Oct Nov Dec
2015: Jan Feb Mar Apr May Jun Jul Aug Sep Oct Nov Dec
2014: Jan Feb Mar Apr May Jun Jul Aug Sep Oct Nov Dec
2013: Jan Feb Mar Apr May Jun Jul Aug Sep Oct Nov Dec
2012: Jan Feb Mar Apr May Jun Jul Aug Sep Oct Nov Dec

Report for 2014 March
                   Monthly Climatological Summary for Mar 2014

Name: Batley Weather   City: Batley   State: West Yorkshire
Elevation: 255 ft  Lat: N 53° 42' 22"   Lon: W 001° 37' 12"

                  Temperature (°C), Rain (mm), Wind Speed (mph)

                                      Heat  Cool        Avg
    Mean                              Deg   Deg         Wind                 Dom
Day Temp  High   Time   Low    Time   Days  Days  Rain  Speed High   Time    Dir
----------------------------------------------------------------------------------
 1   3.3   9.0   15:21  -0.8   07:10  15.0   0.0   0.0   0.2  12.0   11:38     W
 2   7.2  10.5   12:29   2.1   00:00  11.0   0.0   5.4   0.8  20.0   03:53   WSW
 3   4.7   8.9   14:35   0.3   23:53  13.6   0.0   0.2   0.6  11.0   20:05     W
 4   4.4   9.8   13:31  -0.9   03:38  13.9   0.0   0.2   1.8  21.0   13:09   WSW
 5   7.5  11.5   14:17   2.5   05:17  10.8   0.0   0.0   1.9  16.0   13:41   WSW
 6  10.3  12.3   14:44   8.1   06:04   8.0   0.0   0.2   2.6  20.0   03:23   WSW
 7   8.3  11.8   11:28  -0.2   23:18  10.0   0.0   1.8   5.7  33.0   12:14   WSW
 8   6.9  13.2   15:48   0.3   00:00  11.4   0.0   0.0   0.2  14.0   09:10    SE
 9   9.8  16.5   15:25   4.0   02:24   8.5   0.0   0.0   1.2  18.0   10:28     W
10   7.3  11.2   14:46  -0.1   23:52  11.0   0.0   0.0   1.5  17.0   03:00    NW
11   3.1  10.3   15:51  -2.7   05:46  15.2   0.0   0.0   0.2   9.0   15:42   ENE
12   5.4  11.0   15:50   2.2   23:51  12.9   0.0   0.0   0.3   9.0   12:19   ENE
13   7.6  16.6   15:25   1.7   00:30  10.6   0.0   0.0   0.4   7.0   05:40   WNW
14   7.1  12.9   12:00   1.3   06:09  11.2   0.0   0.0   8.0  40.0   19:27   WSW
15  10.1  12.1   12:32   8.6   06:21   8.2   0.0   0.0  11.6  42.0   16:04   WSW
16  10.3  12.3   14:06   8.3   08:08   8.0   0.0   0.0  11.2  40.0   05:54   WSW
17  10.0  12.0   15:14   8.7   23:40   8.3   0.0   0.0   5.2  24.0   10:28   WSW
18   9.1  10.5   12:50   7.0   05:53   9.2   0.0   4.0   7.0  33.0   20:53   WSW
19  10.7  15.2   13:21   8.2   01:50   7.6   0.0   0.0   6.7  28.0   11:17   WSW
20   8.6  12.8   14:33   5.3   22:05   9.7   0.0   4.2   6.4  33.0   21:32   WSW
21   6.7  11.3   12:55   3.7   06:27  11.6   0.0   1.6   3.9  27.0   16:35   WSW
22   5.2   8.4   11:49   2.8   05:50  13.1   0.0   3.2   4.6  24.0   03:48   WSW
23   5.0   9.9   13:06  -0.1   23:52  13.3   0.0   1.6   4.0  23.0   14:28     W
24   4.0  10.0   12:21  -3.3   06:08  14.2   0.0   0.4   0.4  12.0   09:47     E
25   5.9   7.8   14:33   1.8   23:08  12.4   0.0   1.8   0.3   9.0   01:05    NE
26   5.2   9.0   14:54   3.0   07:14  13.1   0.0   0.4   1.9  21.0   16:38     N
27   5.4   8.4   11:54   3.2   06:23  12.9   0.0   9.6   3.2  20.0   20:55   ENE
28   7.1   8.9   14:32   4.8   02:08  11.2   0.0   6.4   3.9  17.0   00:48   ENE
29   8.7  13.7   14:28   5.1   22:06   9.6   0.0   0.0   2.5  17.0   14:09   ENE
30   9.5  13.9   16:05   5.9   00:00   8.4   0.0   0.0   1.3  12.0   15:19    NE
31  10.1  14.4   15:46   7.2   06:26   8.2   0.0   3.2   0.7   9.0   14:30    NE
----------------------------------------------------------------------------------
     7.2  16.6    13    -3.3    24   342.1   0.0  44.2   3.2  42.0    15       W

Max >=  27.0:  0
Max <=   0.0:  0
Min <=   0.0:  7
Min <= -18.0:  0
Max Rain: 9.6 on day 27
Days of Rain: 16 (>= 0.2 mm)  7 (>= 2.0 mm)  0 (>= 20.0 mm)
Heat Base: 18.3  Cool Base: 18.3  Method: Integration