NOAA-Style Climate Reports

Select a Year or Month report
2018: Jan Feb Mar Apr May Jun Jul Aug Sep Oct Nov Dec
2017: Jan Feb Mar Apr May Jun Jul Aug Sep Oct Nov Dec
2016: Jan Feb Mar Apr May Jun Jul Aug Sep Oct Nov Dec
2015: Jan Feb Mar Apr May Jun Jul Aug Sep Oct Nov Dec
2014: Jan Feb Mar Apr May Jun Jul Aug Sep Oct Nov Dec
2013: Jan Feb Mar Apr May Jun Jul Aug Sep Oct Nov Dec
2012: Jan Feb Mar Apr May Jun Jul Aug Sep Oct Nov Dec

Report for 2014 February
                   Monthly Climatological Summary for Feb 2014

Name: Batley Weather   City: Batley   State: West Yorkshire
Elevation: 255 ft  Lat: N 53° 42' 22"   Lon: W 001° 37' 12"

                  Temperature (°C), Rain (mm), Wind Speed (mph)

                                      Heat  Cool        Avg
    Mean                              Deg   Deg         Wind                 Dom
Day Temp  High   Time   Low    Time   Days  Days  Rain  Speed High   Time    Dir
----------------------------------------------------------------------------------
 1   5.4   7.3   21:26   0.8   07:32  12.9   0.0   1.2   4.0  34.0   17:01   WSW
 2   6.2   8.2   13:23   2.3   23:58  12.1   0.0   0.2   4.0  25.0   05:52   WSW
 3   4.9   7.4   12:46   1.8   02:12  13.4   0.0   0.0   0.7  14.0   09:37     E
 4   5.2   7.9   14:26   2.6   08:31  13.1   0.0   1.6   0.8  17.0   23:05     E
 5   6.5   8.2   21:01   5.1   05:19  11.7   0.0   6.4   2.5  28.0   22:49   WSW
 6   6.8   8.9   12:05   3.8   23:50  11.5   0.0   4.6   3.3  24.0   02:54   WSW
 7   5.0   7.7   12:44   2.9   19:04  13.3   0.0   0.0   3.3  27.0   14:03   WSW
 8   6.7   9.1   13:14   5.3   06:41  11.6   0.0   2.8   2.5  26.0   22:36    SW
 9   6.1   8.0   13:58   3.3   23:59  12.2   0.0   3.8   7.4  36.0   09:28   WSW
10   1.9   5.9   16:24  -2.0   07:30  16.4   0.0   0.0   0.3  11.0   00:11     W
11   3.2   5.6   14:48   1.8   00:46  15.1   0.0   2.2   3.7  27.0   13:25   WSW
12   4.3   6.6   14:13   2.0   00:05  14.0   0.0   7.0   5.5  48.0   19:35   WSW
13   4.6   6.8   14:13   3.1   07:00  13.6   0.0   0.6   9.1  33.0   00:25   WSW
14   5.0   8.2   22:10   2.3   04:43  13.3   0.0   4.8   1.6  22.0   00:31   WSW
15   6.0   8.3   00:26   4.6   08:46  12.3   0.0   6.8   9.3  33.0   12:42   WSW
16   4.7   7.6   12:21   1.3   23:26  13.6   0.0   0.2   4.7  28.0   00:45   WSW
17   5.5   8.4   15:13   1.1   00:20  12.8   0.0   0.4   0.1   7.0   21:39   ENE
18   7.4  10.0   14:19   4.6   08:08  10.9   0.0   0.0   1.2  14.0   15:17   WSW
19   7.7  10.3   13:56   5.8   01:17  10.6   0.0   0.4   1.7  18.0   03:12   WSW
20   8.4  11.6   09:09   4.3   22:58   9.9   0.0   1.8   2.9  30.0   09:46   WSW
21   5.5   8.1   12:33   3.2   06:08  12.8   0.0   3.6   5.0  28.0   22:15   WSW
22   7.6  10.2   13:33   5.2   05:42  10.7   0.0   0.0   6.3  30.0   02:32   WSW
23  11.1  12.9   14:32   9.1   00:00   7.2   0.0   0.0   2.2  25.0   13:35    SW
24   9.2  11.3   15:20   7.4   09:16   9.1   0.0   0.0   1.4  29.0   07:50   WSW
25   7.6  10.6   15:06   4.3   07:09  10.7   0.0   1.6   1.1  18.0   16:10   WSW
26   6.0   9.9   14:18   3.3   07:34  12.3   0.0   0.0   2.2  29.0   12:16   WSW
27   5.7   9.4   13:27   0.0   23:57  12.6   0.0   4.6   4.1  31.0   11:13   WSW
28   2.8   8.2   15:15  -1.8   05:06  15.5   0.0   0.0   0.3  10.0   14:46   WNW
----------------------------------------------------------------------------------
     6.0  12.9    23    -2.0    10   345.2   0.0  54.6   3.3  48.0    12     WSW

Max >=  27.0:  0
Max <=   0.0:  0
Min <=   0.0:  3
Min <= -18.0:  0
Max Rain: 7.0 on day 12
Days of Rain: 19 (>= 0.2 mm)  10 (>= 2.0 mm)  0 (>= 20.0 mm)
Heat Base: 18.3  Cool Base: 18.3  Method: Integration