NOAA-Style Climate Reports

Select a Year or Month report
2018: Jan Feb Mar Apr May Jun Jul Aug Sep Oct Nov Dec
2017: Jan Feb Mar Apr May Jun Jul Aug Sep Oct Nov Dec
2016: Jan Feb Mar Apr May Jun Jul Aug Sep Oct Nov Dec
2015: Jan Feb Mar Apr May Jun Jul Aug Sep Oct Nov Dec
2014: Jan Feb Mar Apr May Jun Jul Aug Sep Oct Nov Dec
2013: Jan Feb Mar Apr May Jun Jul Aug Sep Oct Nov Dec
2012: Jan Feb Mar Apr May Jun Jul Aug Sep Oct Nov Dec

Report for 2014 January
                   Monthly Climatological Summary for Jan 2014

Name: Batley Weather   City: Batley   State: West Yorkshire
Elevation: 255 ft  Lat: N 53° 42' 22"   Lon: W 001° 37' 12"

                  Temperature (°C), Rain (mm), Wind Speed (mph)

                                      Heat  Cool        Avg
    Mean                              Deg   Deg         Wind                 Dom
Day Temp  High   Time   Low    Time   Days  Days  Rain  Speed High   Time    Dir
----------------------------------------------------------------------------------
 1   6.1   9.7   18:26   2.2   05:32  12.2   0.0   3.4   0.6  15.0   12:58   ENE
 2   6.7   8.8   00:00   4.2   18:45  11.6   0.0   1.2   2.7  23.0   06:47   WSW
 3   7.1   8.9   02:11   5.3   15:21  11.2   0.0   3.2   4.3  26.0   23:09   WSW
 4   5.1   6.3   00:00   3.2   23:01  13.2   0.0   0.2   2.0  23.0   00:00   WSW
 5   5.0  11.5   22:57   0.7   08:31  13.3   0.0   1.8   1.9  25.0   23:02   WSW
 6   9.1  11.1   12:42   7.8   06:53   9.2   0.0   2.0   3.5  25.0   13:30   WSW
 7   8.5   9.6   13:56   7.8   07:40   9.8   0.0   0.8   5.0  28.0   14:08   WSW
 8   7.9   8.9   13:20   6.3   23:59  10.4   0.0   5.4   4.2  32.0   05:54   WSW
 9   5.8   7.4   13:08   4.4   07:17  12.5   0.0   4.6   5.5  26.0   19:39   WSW
10   6.2   8.4   22:46   3.2   09:00  12.1   0.0   0.0   2.2  18.0   00:04   WSW
11   4.3   8.2   00:00  -0.3   23:30  14.0   0.0   0.0   2.8  21.0   11:47   WSW
12   1.1   5.5   22:45  -2.8   04:17  17.2   0.0   4.8   0.1   6.0   16:42   ENE
13   4.1   7.0   00:38   1.3   08:05  14.2   0.0   0.2   1.3  24.0   01:25   WSW
14   4.5   6.2   13:09   3.7   09:32  13.7   0.0   1.0   2.0  20.0   10:57   WSW
15   7.8  10.6   13:38   4.8   00:00  10.4   0.0   5.0   0.1  10.0   12:24   SSW
16   6.0   7.8   00:00   3.3   07:54  12.3   0.0   1.2   0.1   6.0   11:44   ENE
17   6.4   8.2   13:01   4.6   18:29  11.9   0.0   0.2   0.5  15.0   10:53   WSW
18   6.1   7.9   15:19   2.9   03:48  12.2   0.0   0.4   0.5  11.0   20:39   ENE
19   5.1   7.1   10:12  -0.3   23:53  13.2   0.0   0.8   0.7  14.0   11:56   WSW
20   0.3   3.6   16:39  -2.8   08:03  18.0   0.0   0.2   0.0   1.0   00:02   ---
21   2.2   4.8   23:27  -1.4   04:45  16.1   0.0   2.8   0.2   9.0   23:39   ENE
22   6.4   7.7   14:00   4.8   00:00  11.9   0.0   0.6   0.7  14.0   12:41   WSW
23   4.9   7.1   00:00   2.3   22:34  13.4   0.0   2.2   4.9  35.0   16:03   WSW
24   3.9   7.4   23:56   0.3   03:28  14.4   0.0   3.8   0.1  11.0   00:00   WSW
25   7.2  10.7   13:12   4.9   23:37  11.1   0.0   4.2   6.2  35.0   18:59   WSW
26   4.7   7.2   13:22   3.0   21:23  13.6   0.0   5.6   5.3  33.0   19:37   WSW
27   4.8   6.8   12:32   2.8   00:31  13.5   0.0   0.0   2.3  21.0   11:10   WSW
28   5.5   6.7   14:51   4.2   00:00  12.8   0.0   1.4   0.7  11.0   14:23   ENE
29   5.0   6.1   12:07   3.4   23:30  13.3   0.0   3.0   2.8  19.0   13:13   ENE
30   3.0   4.1   23:59   2.3   09:45  15.3   0.0   0.0   2.0  12.0   02:13   ENE
31   4.5   6.6   21:15   2.8   08:32  13.8   0.0   4.4   0.4  14.0   16:27    NE
----------------------------------------------------------------------------------
     5.3  11.5     5    -2.8    12   401.8   0.0  64.4   2.1  35.0    23     WSW

Max >=  27.0:  0
Max <=   0.0:  0
Min <=   0.0:  5
Min <= -18.0:  0
Max Rain: 5.6 on day 26
Days of Rain: 27 (>= 0.2 mm)  14 (>= 2.0 mm)  0 (>= 20.0 mm)
Heat Base: 18.3  Cool Base: 18.3  Method: Integration