NOAA-Style Climate Reports

Select a Year or Month report
2018: Jan Feb Mar Apr May Jun Jul Aug Sep Oct Nov Dec
2017: Jan Feb Mar Apr May Jun Jul Aug Sep Oct Nov Dec
2016: Jan Feb Mar Apr May Jun Jul Aug Sep Oct Nov Dec
2015: Jan Feb Mar Apr May Jun Jul Aug Sep Oct Nov Dec
2014: Jan Feb Mar Apr May Jun Jul Aug Sep Oct Nov Dec
2013: Jan Feb Mar Apr May Jun Jul Aug Sep Oct Nov Dec
2012: Jan Feb Mar Apr May Jun Jul Aug Sep Oct Nov Dec

Report for 2013 June
                   Monthly Climatological Summary for Jun 2013

Name: Batley Weather   City: Batley   State: West Yorkshire
Elevation: 255 ft  Lat: N 53° 42' 22"   Lon: W 001° 37' 12"

                  Temperature (°C), Rain (mm), Wind Speed (mph)

                                      Heat  Cool        Avg
    Mean                              Deg   Deg         Wind                 Dom
Day Temp  High   Time   Low    Time   Days  Days  Rain  Speed High   Time    Dir
----------------------------------------------------------------------------------
 1  13.2  17.3   13:05   9.1   06:14   5.1   0.0   0.0   5.2  23.0   20:13     W
 2  13.1  19.3   17:12   5.4   04:47   5.2   0.0   0.0   2.7  18.0   10:20     W
 3  15.0  23.2   17:00   6.1   05:06   4.3   1.0   0.0   0.4  10.0   12:18    NE
 4  14.2  21.2   16:58   5.6   05:08   4.5   0.4   0.0   1.2  12.0   14:31    NE
 5  13.6  18.3   16:31   8.6   01:13   4.7   0.0   0.0   0.5  10.0   10:36    NE
 6  14.6  21.7   17:26   9.3   23:53   4.1   0.4   0.0   0.4  10.0   16:08   ENE
 7  14.0  21.6   16:48   5.8   04:49   4.9   0.6   0.0   0.7  12.0   16:25   ENE
 8  14.0  21.1   17:12   7.3   04:08   4.7   0.4   0.0   0.6  11.0   14:18   ENE
 9  12.6  19.4   16:59   6.2   01:48   5.7   0.0   0.0   0.4  11.0   16:01   ENE
10  13.2  19.1   17:07   7.6   23:58   5.2   0.1   0.0   0.1   9.0   17:46     E
11  13.0  19.8   19:48   4.9   04:25   5.4   0.1   0.0   0.1  11.0   15:28   ESE
12  16.7  21.4   12:50  13.6   00:00   2.0   0.4   0.0   1.2  19.0   12:17     W
13  14.9  19.2   12:22  12.2   23:51   3.5   0.0   0.4   5.2  27.0   17:05     W
14  13.8  18.8   11:33   9.6   05:07   4.5   0.0   2.6   1.4  16.0   10:49     W
15  13.5  17.3   15:54  10.2   04:40   4.8   0.0   0.6   3.4  21.0   15:30     W
16  14.5  18.8   19:05  10.9   03:08   3.8   0.0   1.2   1.6  20.0   01:04     W
17  15.5  19.3   14:37  10.6   23:56   3.0   0.1   0.0   0.4  10.0   15:09   ENE
18  16.4  23.6   18:13   8.2   04:15   3.3   1.3   0.0   0.4   7.0   09:36   ENE
19  18.4  24.2   17:38  11.1   23:57   1.5   1.6   0.0   2.1  16.0   13:08     W
20  13.9  20.0   16:12   7.8   03:29   4.6   0.2   8.6   0.4  10.0   14:02    NE
21  15.8  21.7   18:59  12.3   04:31   3.1   0.5   0.8   1.6  19.0   15:44     W
22  14.6  17.7   15:36  10.9   03:16   3.7   0.0   4.4   2.7  23.0   14:05     W
23  13.2  15.6   14:34  11.4   05:28   5.1   0.0   0.4   7.7  32.0   15:42     W
24  13.4  17.8   17:48   9.6   23:56   4.9   0.0   0.0   5.4  21.0   13:08     W
25  14.7  20.2   12:54   8.8   02:36   3.9   0.3   0.0   2.6  17.0   11:37     W
26  15.8  21.1   16:43  11.3   04:37   2.8   0.3   0.0   3.6  21.0   11:56     W
27  12.9  17.1   11:20   8.4   02:41   5.4   0.0   2.0   3.1  20.0   12:36     W
28  15.1  18.0   18:34  12.0   23:58   3.2   0.0   3.4   5.5  34.0   17:56     W
29  14.9  21.0   17:09  10.6   04:57   3.6   0.2   0.0   4.9  21.0   12:25     W
30  17.0  20.8   14:59  12.7   23:59   1.7   0.4   1.4   4.3  23.0   22:27     W
----------------------------------------------------------------------------------
    14.5  24.2    19     4.9    11   122.2   8.3  25.8   2.3  34.0    28       W

Max >=  27.0:  0
Max <=   0.0:  0
Min <=   0.0:  0
Min <= -18.0:  0
Max Rain: 8.6 on day 20
Days of Rain: 11 (>= 0.2 mm)  5 (>= 2.0 mm)  0 (>= 20.0 mm)
Heat Base: 18.3  Cool Base: 18.3  Method: Integration