NOAA-Style Climate Reports

Select a Year or Month report
2018: Jan Feb Mar Apr May Jun Jul Aug Sep Oct Nov Dec
2017: Jan Feb Mar Apr May Jun Jul Aug Sep Oct Nov Dec
2016: Jan Feb Mar Apr May Jun Jul Aug Sep Oct Nov Dec
2015: Jan Feb Mar Apr May Jun Jul Aug Sep Oct Nov Dec
2014: Jan Feb Mar Apr May Jun Jul Aug Sep Oct Nov Dec
2013: Jan Feb Mar Apr May Jun Jul Aug Sep Oct Nov Dec
2012: Jan Feb Mar Apr May Jun Jul Aug Sep Oct Nov Dec

Report for 2013 March
                   Monthly Climatological Summary for Mar 2013

Name: Batley Weather   City: Batley   State: West Yorkshire
Elevation: 255 ft  Lat: N 53° 42' 22"   Lon: W 001° 37' 12"

                  Temperature (°C), Rain (mm), Wind Speed (mph)

                                      Heat  Cool        Avg
    Mean                              Deg   Deg         Wind                 Dom
Day Temp  High   Time   Low    Time   Days  Days  Rain  Speed High   Time    Dir
----------------------------------------------------------------------------------
 1   5.7   7.8   12:34   3.5   23:59  12.6   0.0   0.0   2.2  19.0   11:49    NE
 2   2.8   8.9   13:34  -2.8   06:43  15.5   0.0   0.0   0.7  11.0   13:17     W
 3   5.5   9.9   13:28   1.6   23:59  12.8   0.0   0.0   0.1   5.0   13:32    NE
 4   2.3   6.2   13:28  -0.7   22:24  16.0   0.0   0.0   0.4   9.0   14:06   ENE
 5   2.9   6.2   15:30   0.7   08:07  15.4   0.0   0.0   0.1   6.0   23:53   ENE
 6   3.7   5.4   16:34   1.4   06:50  14.6   0.0   0.0   1.7  11.0   18:41   ENE
 7   5.7   8.7   13:40   4.7   00:00  12.6   0.0   3.4   3.0  15.0   14:17   ENE
 8   4.6   5.1   06:30   4.0   23:28  13.7   0.0   4.8   3.1  14.0   14:25   ENE
 9   3.1   4.0   00:00   1.3   22:11  15.1   0.0  13.2   2.8  13.0   07:20    NE
10   1.1   3.5   12:36  -1.8   23:22  17.2   0.0   0.6   7.0  25.0   13:10   ENE
11  -1.4   1.3   12:14  -3.1   05:25  19.7   0.0   0.0   7.2  23.0   15:40   ENE
12   1.1   5.2   14:18  -5.3   04:35  17.2   0.0   0.2   2.4  19.0   11:57     N
13   1.9   5.1   12:34  -2.7   23:50  16.4   0.0   0.2   2.3  19.0   16:55   NNW
14   1.5   6.8   13:05  -4.4   06:05  16.8   0.0   0.2   2.4  21.0   13:46   WSW
15   4.6   7.8   14:32   1.8   22:04  13.7   0.0   0.8   0.8  16.0   14:41   WSW
16   4.8   8.5   15:36   2.8   06:15  13.4   0.0   7.4   0.4  12.0   12:23   WSW
17   3.5   6.4   12:05   1.3   05:35  14.8   0.0   0.2   0.6  16.0   03:59   WSW
18   1.8   3.3   10:11  -0.1   21:28  16.5   0.0   2.4   1.0  12.0   14:01    NE
19   2.5   7.4   15:28  -2.2   05:34  15.8   0.0   0.2   0.3  11.0   11:32   ENE
20   1.9   3.3   14:36  -0.2   23:39  16.4   0.0   3.6   1.6  12.0   01:24   ENE
21   1.2   4.6   14:26  -2.1   03:38  17.0   0.0   0.0   1.4  19.0   22:22   ENE
22   0.9   1.6   02:36   0.3   23:15  17.4   0.0   3.6   2.4  18.0   12:57     E
23   0.0   0.5   11:08  -0.4   17:38  18.3   0.0   0.8   4.7  19.0   13:21   ENE
24   0.4   2.1   12:45  -0.9   06:00  17.9   0.0   2.0   8.7  27.0   13:52   ENE
25   1.0   2.2   13:30   0.2   22:48  17.3   0.0   1.8   8.4  26.0   08:54   ENE
26   0.9   2.6   14:35   0.1   05:30  17.4   0.0   1.8   6.2  20.0   10:56   ENE
27   1.0   2.9   13:46   0.1   04:57  17.3   0.0   2.4   4.5  17.0   13:33   ENE
28   1.5   3.9   13:42  -1.4   23:59  16.8   0.0   1.6   3.8  17.0   17:11   ENE
29   0.6   5.2   14:42  -3.8   05:06  17.0   0.0   0.2   1.8  17.0   15:04   ENE
30   1.3   6.2   13:52  -3.4   23:58  17.0   0.0   0.0   1.7  14.0   15:04   ENE
31   0.7   6.4   13:56  -5.3   06:37  16.8   0.0   0.0   1.0  14.0   13:01   ENE
----------------------------------------------------------------------------------
     2.2   9.9     3    -5.3    12   496.4   0.0  51.4   2.7  27.0    24     ENE

Max >=  27.0:  0
Max <=   0.0:  0
Min <=   0.0: 17
Min <= -18.0:  0
Max Rain: 13.2 on day 9
Days of Rain: 21 (>= 0.2 mm)  9 (>= 2.0 mm)  0 (>= 20.0 mm)
Heat Base: 18.3  Cool Base: 18.3  Method: Integration