NOAA-Style Climate Reports

Select a Year or Month report
2018: Jan Feb Mar Apr May Jun Jul Aug Sep Oct Nov Dec
2017: Jan Feb Mar Apr May Jun Jul Aug Sep Oct Nov Dec
2016: Jan Feb Mar Apr May Jun Jul Aug Sep Oct Nov Dec
2015: Jan Feb Mar Apr May Jun Jul Aug Sep Oct Nov Dec
2014: Jan Feb Mar Apr May Jun Jul Aug Sep Oct Nov Dec
2013: Jan Feb Mar Apr May Jun Jul Aug Sep Oct Nov Dec
2012: Jan Feb Mar Apr May Jun Jul Aug Sep Oct Nov Dec

Report for 2013 February
                   Monthly Climatological Summary for Feb 2013

Name: Batley Weather   City: Batley   State: West Yorkshire
Elevation: 255 ft  Lat: N 53° 42' 22"   Lon: W 001° 37' 12"

                  Temperature (°C), Rain (mm), Wind Speed (mph)

                                      Heat  Cool        Avg
    Mean                              Deg   Deg         Wind                 Dom
Day Temp  High   Time   Low    Time   Days  Days  Rain  Speed High   Time    Dir
----------------------------------------------------------------------------------
 1   5.4   7.7   12:36   3.4   22:58  12.9   0.0   0.8   5.4  26.0   07:12     W
 2   1.8   4.5   15:45  -2.4   22:44  16.5   0.0   0.0   2.8  20.0   11:12   WNW
 3   6.0   9.5   15:39  -2.3   00:11  12.3   0.0   0.0   8.6  33.0   11:48   WSW
 4   6.3   9.6   02:54   1.9   23:37  12.0   0.0  13.2  12.3  40.0   03:26   WSW
 5   2.8   5.1   22:33   0.9   08:43  15.5   0.0   4.8   8.7  38.0   12:10   WSW
 6   3.9   5.3   13:40   2.6   20:54  14.4   0.0   0.2   5.9  27.0   11:49    NW
 7   2.1   4.6   12:53  -0.2   04:49  16.2   0.0   0.0   2.3  16.0   02:52     W
 8   2.6   6.4   13:59  -0.9   03:21  15.7   0.0   0.0   1.7  24.0   14:28   WNW
 9   3.6   5.6   15:22   2.0   07:17  14.7   0.0   0.4   0.3  10.0   02:47   WSW
10   2.1   3.4   13:41   0.6   22:45  16.2   0.0   9.2   0.9  14.0   14:12   ENE
11   1.4   2.6   12:18   0.6   00:00  16.9   0.0   2.2   3.1  19.0   11:43   ENE
12   1.4   3.0   14:46   0.6   06:45  16.9   0.0   0.0   0.1   6.0   11:29   ENE
13   0.3   2.6   23:33  -2.3   03:58  18.0   0.0   2.4   0.2  14.0   23:07   SSE
14   5.0   8.1   14:08   2.3   00:22  13.3   0.0   4.6   2.5  20.0   11:29   WSW
15   5.8   9.3   13:55   2.3   23:02  12.5   0.0   0.0   3.4  22.0   10:48     W
16   3.2   8.7   16:00  -0.9   08:30  14.6   0.0   0.0   0.0   6.0   14:00     W
17   1.4   7.9   14:14  -2.7   07:53  16.9   0.0   0.2   0.1   7.0   13:45     E
18   2.6   6.3   13:34  -1.9   23:58  15.7   0.0   0.0   0.1   7.0   02:54     E
19   1.0   7.9   14:03  -4.2   07:19  17.3   0.0   0.0   0.2   7.0   16:01    NE
20   2.2   3.3   04:00   0.9   22:54  16.1   0.0   0.6   1.0  17.0   16:49   ENE
21   1.3   2.9   13:11   0.3   07:36  17.0   0.0   0.0   0.8  14.0   04:18   ENE
22   0.9   2.1   12:43   0.1   01:36  17.4   0.0   0.0   1.6  15.0   14:32   ENE
23   1.5   3.0   15:02   0.2   07:25  16.8   0.0   0.0   1.3  10.0   10:38    NE
24   1.8   4.2   13:19  -0.7   01:08  16.5   0.0   0.0   1.2  14.0   12:18   NNE
25   3.9   5.1   13:53   1.3   00:00  14.4   0.0   0.2   3.8  16.0   20:39    NE
26   3.6   3.9   00:00   3.2   20:37  14.7   0.0   0.2   3.2  16.0   00:13   ENE
27   3.4   7.7   15:29  -1.8   23:17  14.8   0.0   0.0   1.0  11.0   15:19   ENE
28   2.5   8.4   13:45  -4.3   06:53  15.8   0.0   0.0   1.1  13.0   15:25    NE
----------------------------------------------------------------------------------
     2.9   9.6     4    -4.3    28   432.0   0.0  39.0   2.7  40.0     4       W

Max >=  27.0:  0
Max <=   0.0:  0
Min <=   0.0: 12
Min <= -18.0:  0
Max Rain: 13.2 on day 4
Days of Rain: 13 (>= 0.2 mm)  6 (>= 2.0 mm)  0 (>= 20.0 mm)
Heat Base: 18.3  Cool Base: 18.3  Method: Integration