NOAA-Style Climate Reports

Select a Year or Month report
2018: Jan Feb Mar Apr May Jun Jul Aug Sep Oct Nov Dec
2017: Jan Feb Mar Apr May Jun Jul Aug Sep Oct Nov Dec
2016: Jan Feb Mar Apr May Jun Jul Aug Sep Oct Nov Dec
2015: Jan Feb Mar Apr May Jun Jul Aug Sep Oct Nov Dec
2014: Jan Feb Mar Apr May Jun Jul Aug Sep Oct Nov Dec
2013: Jan Feb Mar Apr May Jun Jul Aug Sep Oct Nov Dec
2012: Jan Feb Mar Apr May Jun Jul Aug Sep Oct Nov Dec

Report for 2013 January
                   Monthly Climatological Summary for Jan 2013

Name: Batley Weather   City: Batley   State: West Yorkshire
Elevation: 255 ft  Lat: N 53° 42' 22"   Lon: W 001° 37' 12"

                  Temperature (°C), Rain (mm), Wind Speed (mph)

                                      Heat  Cool        Avg
    Mean                              Deg   Deg         Wind                 Dom
Day Temp  High   Time   Low    Time   Days  Days  Rain  Speed High   Time    Dir
----------------------------------------------------------------------------------
 1   5.5   6.8   13:49   3.8   05:24  12.7   0.0   0.0   8.5  35.0   12:46   WSW
 2   8.5  11.6   22:38   6.1   03:32   9.8   0.0   0.4   6.1  30.0   16:17   WSW
 3  10.9  11.9   12:48   9.6   23:57   7.4   0.0   3.6   4.7  25.0   11:46   WSW
 4   9.3   9.9   04:47   8.5   18:14   9.0   0.0   0.0   5.7  28.0   05:37   WSW
 5   9.0  10.0   12:59   7.5   19:13   9.3   0.0   0.0   1.8  16.0   00:06   WSW
 6   8.5   9.8   16:54   5.5   07:44   9.8   0.0   0.0   1.2  17.0   02:22   WSW
 7   8.9  10.3   12:53   6.8   09:20   9.4   0.0   0.0   1.9  21.0   22:28   WSW
 8  10.1  11.8   11:53   6.6   23:56   8.2   0.0   0.0   3.2  20.0   00:43   WSW
 9   3.2   6.6   00:00   0.1   07:34  15.1   0.0   0.0   0.8  12.0   13:34     W
10   2.0   3.7   14:12  -0.1   07:28  16.2   0.0   0.2   0.6   9.0   05:41   WSW
11   3.3   5.6   13:37   1.7   05:02  15.0   0.0   0.0   0.2   7.0   15:13     W
12   2.2   4.4   14:29  -0.2   18:50  16.1   0.0   0.0   0.8  13.0   14:32   ENE
13   0.9   3.1   14:44  -1.1   06:26  17.4   0.0   0.0   0.3   9.0   13:29     W
14   1.1   1.9   22:17   0.2   04:44  17.2   0.0   1.0   1.4  17.0   20:54   WNW
15  -0.7   1.8   14:34  -4.6   23:36  19.1   0.0   0.0   0.2   7.0   00:03   NNW
16  -3.1  -1.7   13:29  -6.0   04:56  21.4   0.0   0.0   0.0   4.0   12:17     E
17  -1.7  -0.3   18:15  -3.3   05:39  20.0   0.0   0.0   0.3   9.0   19:00   ENE
18  -0.8  -0.3   04:14  -1.4   17:33  19.1   0.0   0.0   1.3  11.0   09:26   ENE
19   0.1   0.7   17:34  -0.8   01:33  18.2   0.0   0.0   2.4  13.0   23:18   ENE
20   1.0   1.3   09:58   0.4   00:13  17.3   0.0   0.0   4.6  18.0   11:15   ENE
21   0.0   0.9   00:00  -0.9   19:37  18.3   0.0   0.2   0.9  13.0   00:12   ENE
22  -0.1   1.2   17:54  -1.4   12:10  18.3   0.0   0.0   0.4  12.0   17:05    NE
23   0.2   0.9   14:25  -0.4   17:45  18.1   0.0   0.0   0.0   5.0   12:47   ENE
24   0.5   2.3   12:49  -0.8   23:57  17.8   0.0   0.0   0.0   2.0   00:28     E
25  -1.2   1.9   13:49  -5.3   05:49  19.5   0.0   0.0   0.1   9.0   19:57   ESE
26   3.3   5.9   23:55   0.2   01:31  15.0   0.0   9.4   2.4  19.0   10:08   WSW
27   5.7   8.3   05:45   3.4   18:29  12.6   0.0   3.8   6.9  36.0   08:46   WSW
28   5.8   9.3   22:56   2.9   05:30  12.5   0.0   1.4   6.6  31.0   06:26   WSW
29  10.0  13.2   15:25   7.2   08:22   8.3   0.0   4.8   7.6  33.0   04:47   WSW
30   7.7   9.9   00:00   5.8   23:15  10.6   0.0   2.0  10.7  41.0   12:35   WSW
31   7.1   8.4   13:09   5.4   00:34  11.2   0.0   4.4  11.2  46.0   11:55   WSW
----------------------------------------------------------------------------------
     3.8  13.2    29    -6.0    16   449.9   0.0  31.2   3.0  46.0    31     WSW

Max >=  27.0:  0
Max <=   0.0:  3
Min <=   0.0: 13
Min <= -18.0:  0
Max Rain: 9.4 on day 26
Days of Rain: 11 (>= 0.2 mm)  6 (>= 2.0 mm)  0 (>= 20.0 mm)
Heat Base: 18.3  Cool Base: 18.3  Method: Integration