NOAA-Style Climate Reports

Select a Year or Month report
2018: Jan Feb Mar Apr May Jun Jul Aug Sep Oct Nov Dec
2017: Jan Feb Mar Apr May Jun Jul Aug Sep Oct Nov Dec
2016: Jan Feb Mar Apr May Jun Jul Aug Sep Oct Nov Dec
2015: Jan Feb Mar Apr May Jun Jul Aug Sep Oct Nov Dec
2014: Jan Feb Mar Apr May Jun Jul Aug Sep Oct Nov Dec
2013: Jan Feb Mar Apr May Jun Jul Aug Sep Oct Nov Dec
2012: Jan Feb Mar Apr May Jun Jul Aug Sep Oct Nov Dec

Report for 2012 December
                   Monthly Climatological Summary for Dec 2012

Name: Batley Weather   City: Batley   State: West Yorkshire
Elevation: 255 ft  Lat: N 53° 42' 22"   Lon: W 001° 37' 12"

                  Temperature (°C), Rain (mm), Wind Speed (mph)

                                      Heat  Cool        Avg
    Mean                              Deg   Deg         Wind                 Dom
Day Temp  High   Time   Low    Time   Days  Days  Rain  Speed High   Time    Dir
----------------------------------------------------------------------------------
 1   2.1   4.1   11:54  -1.6   00:00  16.2   0.0   2.4   4.1  23.0   04:40     W
 2  -0.9   2.4   14:16  -3.7   07:46  19.1   0.0   0.0   0.8  12.0   01:07   WSW
 3   4.1   6.1   10:08   0.3   00:00  14.2   0.0   3.4   5.1  27.0   23:43   WSW
 4   4.1   5.4   11:48   2.3   23:28  14.2   0.0   0.6   5.0  22.0   01:29   WSW
 5   0.8   3.1   13:34  -2.2   22:26  17.5   0.0   0.2   2.6  20.0   12:35   WNW
 6   0.5   3.9   16:40  -4.4   05:34  17.6   0.0   3.4   2.5  26.0   17:33   WSW
 7   4.0   5.3   19:20   2.1   05:07  14.2   0.0   2.0   5.9  25.0   00:42     W
 8   4.5   8.3   22:55  -0.3   08:23  13.8   0.0   0.0   4.2  30.0   23:59   WSW
 9   6.5   7.8   00:00   3.5   23:53  11.8   0.0   1.6   9.6  39.0   11:51   WSW
10   2.9   5.0   13:54   0.6   23:54  15.4   0.0   0.0   1.7  17.0   01:22    NW
11  -0.4   2.0   14:37  -2.8   08:30  18.7   0.0   0.0   0.2  14.0   23:55   WSW
12  -0.5   1.2   14:55  -3.5   07:55  18.8   0.0   0.0   0.5  10.0   00:04   WSW
13  -2.2   0.4   00:30  -4.2   08:08  20.5   0.0   0.0   0.3   6.0   11:49   ENE
14   2.3   6.6   23:37  -1.8   00:00  16.0   0.0   4.8   2.2  25.0   23:46   WSW
15   7.0   9.6   12:40   3.8   23:28  11.3   0.0   0.0   3.3  24.0   00:11   WSW
16   3.1   6.9   13:51   1.1   04:16  15.1   0.0   1.2   0.1   6.0   00:43    SW
17   4.5   6.9   14:21   1.8   03:22  13.3   0.0   4.0   1.3  15.0   17:13   WSW
18   5.5   7.4   13:41   4.1   04:04  12.8   0.0   0.0   0.5  11.0   03:10     W
19   5.2   5.8   00:00   4.6   09:05  13.1   0.0   4.6   1.3  17.0   22:07   ENE
20   5.3   5.7   22:08   4.9   06:13  13.0   0.0  17.6   1.6  15.0   02:58   ENE
21   5.8   6.6   13:18   5.3   04:05  12.5   0.0   3.0   0.8  14.0   14:02     W
22   6.6  11.1   23:59   5.2   02:50  11.7   0.0  13.6   0.5  12.0   08:47   ENE
23   9.2  11.9   01:45   6.3   23:29   9.1   0.0   0.8   9.8  37.0   07:24   WSW
24   4.7   6.4   00:00   2.9   06:58  13.6   0.0   3.6   0.2  14.0   00:06   WSW
25   5.0   7.2   14:07   2.2   01:34  13.3   0.0   0.8   3.2  22.0   19:58   WSW
26   6.1   7.3   13:42   4.6   02:15  12.2   0.0   6.4   6.1  33.0   22:07   WSW
27   4.7   6.4   00:00   2.8   23:01  13.6   0.0   0.0   3.8  34.0   00:47     W
28   8.3  12.2   22:50   2.6   00:54  10.0   0.0   0.8   2.7  27.0   19:29   WSW
29   9.0  12.4   04:56   4.7   23:54   9.3   0.0   2.0   3.8  27.0   05:41   WSW
30   6.2   9.8   23:51   3.8   03:43  12.1   0.0   3.0   9.2  33.0   21:57   WSW
31   9.0  10.7   07:41   5.5   23:57   9.3   0.0   5.8   6.3  31.0   00:42   WSW
----------------------------------------------------------------------------------
     4.3  12.4    29    -4.4     6   433.3   0.0  85.6   3.2  39.0     9     WSW

Max >=  27.0:  0
Max <=   0.0:  0
Min <=   0.0:  9
Min <= -18.0:  0
Max Rain: 17.6 on day 20
Days of Rain: 22 (>= 0.2 mm)  15 (>= 2.0 mm)  0 (>= 20.0 mm)
Heat Base: 18.3  Cool Base: 18.3  Method: Integration