NOAA-Style Climate Reports

Select a Year or Month report
2018: Jan Feb Mar Apr May Jun Jul Aug Sep Oct Nov Dec
2017: Jan Feb Mar Apr May Jun Jul Aug Sep Oct Nov Dec
2016: Jan Feb Mar Apr May Jun Jul Aug Sep Oct Nov Dec
2015: Jan Feb Mar Apr May Jun Jul Aug Sep Oct Nov Dec
2014: Jan Feb Mar Apr May Jun Jul Aug Sep Oct Nov Dec
2013: Jan Feb Mar Apr May Jun Jul Aug Sep Oct Nov Dec
2012: Jan Feb Mar Apr May Jun Jul Aug Sep Oct Nov Dec

Report for 2012 July
                   Monthly Climatological Summary for Jul 2012

Name: Batley Weather   City: Batley   State: West Yorkshire
Elevation: 255 ft  Lat: N 53° 42' 22"   Lon: W 001° 37' 12"

                  Temperature (°C), Rain (mm), Wind Speed (mph)

                                      Heat  Cool        Avg
    Mean                              Deg   Deg         Wind                 Dom
Day Temp  High   Time   Low    Time   Days  Days  Rain  Speed High   Time    Dir
----------------------------------------------------------------------------------
 1  13.4  18.2   17:19   9.0   03:49   4.9   0.0   0.3   3.9  27.0   11:34   WSW
 2  12.4  12.6   00:00  12.4   00:04   5.9   0.0   0.0   0.0   3.0   00:08     E
 3  16.9  21.0   11:47  12.3   05:22   1.8   0.4   5.8   0.1  10.0   02:43    SW
 4  18.3  23.1   17:33  15.4   04:47   1.1   1.1   5.1   0.2   9.0   15:33   ESE
 5  17.9  22.9   15:15  15.0   02:04   1.2   0.8   7.1   0.2   7.0   15:45   ENE
 6  15.1  16.3   00:35  12.0   23:59   3.2   0.0  36.1   2.3  20.0   14:54    NE
 7  15.5  20.1   14:12  11.9   00:02   2.9   0.2   2.8   0.5  12.0   23:55    NE
 8  16.0  19.8   15:30  13.5   03:05   2.5   0.2   4.5   1.3  13.0   17:46   NNE
 9  14.7  18.7   11:38  13.1   23:53   3.6   0.0   8.7   0.5  11.0   17:33   NNE
10  13.4  15.2   15:56  12.1   23:42   4.9   0.0   1.2   1.6  19.0   17:26   WSW
11  14.0  17.4   13:16  10.6   23:43   4.2   0.0   0.3   6.0  28.0   14:35   WSW
12  14.9  21.8   17:20   8.9   05:11   3.8   0.4   0.0   2.2  16.0   09:56     W
13  12.9  14.8   14:23  10.9   02:21   5.4   0.0   1.8   1.4  13.0   12:25    NE
14  14.2  18.7   16:39  10.6   05:19   4.1   0.0   0.2   2.1  18.0   20:24   WNW
15  14.7  19.4   17:03  10.9   01:24   3.6   0.0   0.3   5.1  24.0   13:20   WSW
16  15.1  18.7   16:01  11.2   02:17   3.2   0.0   1.0   1.7  19.0   18:23   WSW
17  17.1  20.3   13:36  13.3   00:40   1.4   0.2   0.8   4.2  22.0   09:30   WSW
18  17.3  20.7   17:06  14.3   23:24   1.4   0.4   0.5   5.8  27.0   12:41   WSW
19  14.3  17.7   12:53  11.3   05:52   4.0   0.0   9.4   1.3  17.0   02:41   WNW
20  11.9  14.0   17:21  10.3   23:57   6.4   0.0   8.1   0.0   4.0   06:46    NE
21  14.4  20.8   13:38   6.4   04:03   4.4   0.5   0.0   1.4  15.0   14:47     W
22  18.2  25.4   17:27  12.9   04:27   2.0   1.8   0.0   2.2  21.0   15:11   WSW
23  20.8  26.7   16:53  15.6   04:23   0.5   3.0   0.0   3.4  22.0   11:59   WSW
24  21.5  27.1   11:47  15.0   05:20   0.5   3.7   0.0   0.9  16.0   01:06   WNW
25  18.4  21.7   16:08  15.2   05:30   0.6   0.7   0.0   1.1  12.0   02:04   NNE
26  18.0  23.5   17:26  15.2   05:06   1.3   1.0   0.0   0.3  10.0   14:19   ENE
27  17.2  21.8   12:09  12.9   23:59   1.6   0.5   0.0   3.4  21.0   16:34     W
28  14.0  19.2   14:13   9.2   02:50   4.3   0.0   1.3   2.9  22.0   16:25   WSW
29  13.7  17.6   16:19   9.7   23:59   4.6   0.0   0.7   3.0  22.0   12:30     W
30  13.1  17.7   18:11   8.6   01:43   5.2   0.0   1.5   3.8  23.0   09:09     W
31  12.0  15.8   18:07   6.6   02:05   6.0   0.0   1.1   0.2   6.0   09:42   ENE
----------------------------------------------------------------------------------
    15.5  27.1    24     6.4    21   100.5  14.9  98.6   2.0  28.0    11       W

Max >=  27.0:  1
Max <=   0.0:  0
Min <=   0.0:  0
Min <= -18.0:  0
Max Rain: 36.1 on day 6
Days of Rain: 22 (>= 0.2 mm)  9 (>= 2.0 mm)  1 (>= 20.0 mm)
Heat Base: 18.3  Cool Base: 18.3  Method: Integration